CRAN Package Check Results for Package semgram

Last updated on 2025-04-30 04:50:19 CEST.

Flavor Version Tinstall Tcheck Ttotal Status Flags
r-devel-linux-x86_64-debian-clang 0.1.0 4.81 37.99 42.80 NOTE
r-devel-linux-x86_64-debian-gcc 0.1.0 3.86 26.73 30.59 OK
r-devel-linux-x86_64-fedora-clang 0.1.0 65.26 OK
r-devel-linux-x86_64-fedora-gcc 0.1.0 59.30 OK
r-devel-windows-x86_64 0.1.0 6.00 53.00 59.00 OK
r-patched-linux-x86_64 0.1.0 5.67 33.34 39.01 OK
r-release-linux-x86_64 0.1.0 5.10 33.37 38.47 OK
r-release-macos-arm64 0.1.0 26.00 OK
r-release-macos-x86_64 0.1.0 41.00 OK
r-release-windows-x86_64 0.1.0 7.00 53.00 60.00 OK
r-oldrel-macos-arm64 0.1.0 22.00 OK
r-oldrel-macos-x86_64 0.1.0 33.00 OK
r-oldrel-windows-x86_64 0.1.0 8.00 57.00 65.00 OK

Check Details

Version: 0.1.0
Check: examples
Result: NOTE Examples with CPU (user + system) or elapsed time > 5s user system elapsed extract_motifs 5.402 0.157 6.855 Flavor: r-devel-linux-x86_64-debian-clang