Last updated on 2025-04-30 04:50:19 CEST.
Flavor | Version | Tinstall | Tcheck | Ttotal | Status | Flags |
---|---|---|---|---|---|---|
r-devel-linux-x86_64-debian-clang | 0.1.12 | 6.64 | 169.81 | 176.45 | NOTE | |
r-devel-linux-x86_64-debian-gcc | 0.1.12 | 4.56 | 111.46 | 116.02 | OK | |
r-devel-linux-x86_64-fedora-clang | 0.1.12 | 287.06 | OK | |||
r-devel-linux-x86_64-fedora-gcc | 0.1.12 | 279.78 | OK | |||
r-devel-windows-x86_64 | 0.1.12 | 9.00 | 141.00 | 150.00 | OK | |
r-patched-linux-x86_64 | 0.1.12 | 7.22 | 161.54 | 168.76 | OK | |
r-release-linux-x86_64 | 0.1.12 | 4.86 | 163.02 | 167.88 | OK | |
r-release-macos-arm64 | 0.1.12 | 84.00 | OK | |||
r-release-macos-x86_64 | 0.1.12 | 153.00 | OK | |||
r-release-windows-x86_64 | 0.1.12 | 9.00 | 136.00 | 145.00 | OK | |
r-oldrel-macos-arm64 | 0.1.12 | 74.00 | OK | |||
r-oldrel-macos-x86_64 | 0.1.12 | 129.00 | OK | |||
r-oldrel-windows-x86_64 | 0.1.12 | 10.00 | 177.00 | 187.00 | OK |
Version: 0.1.12
Check: examples
Result: NOTE
Examples with CPU (user + system) or elapsed time > 5s
user system elapsed
standardizedSolution_boot_ci 5.748 0.027 5.966
plot_models_fm 5.439 0.116 6.484
store_boot_def 4.841 0.010 6.582
Flavor: r-devel-linux-x86_64-debian-clang