Last updated on 2025-04-30 04:50:19 CEST.
Flavor | Version | Tinstall | Tcheck | Ttotal | Status | Flags |
---|---|---|---|---|---|---|
r-devel-linux-x86_64-debian-clang | 0.2.0 | 11.51 | 95.91 | 107.42 | NOTE | |
r-devel-linux-x86_64-debian-gcc | 0.2.0 | 8.63 | 66.25 | 74.88 | NOTE | |
r-devel-linux-x86_64-fedora-clang | 0.2.0 | 175.04 | OK | |||
r-devel-linux-x86_64-fedora-gcc | 0.2.0 | 169.39 | OK | |||
r-devel-windows-x86_64 | 0.2.0 | 13.00 | 101.00 | 114.00 | OK | |
r-patched-linux-x86_64 | 0.2.0 | 12.47 | 90.62 | 103.09 | OK | |
r-release-linux-x86_64 | 0.2.0 | 12.02 | 88.98 | 101.00 | OK | |
r-release-macos-arm64 | 0.2.0 | 47.00 | OK | |||
r-release-macos-x86_64 | 0.2.0 | 92.00 | OK | |||
r-release-windows-x86_64 | 0.2.0 | 13.00 | 99.00 | 112.00 | OK | |
r-oldrel-macos-arm64 | 0.2.0 | 45.00 | OK | |||
r-oldrel-macos-x86_64 | 0.2.0 | 68.00 | OK | |||
r-oldrel-windows-x86_64 | 0.2.0 | 17.00 | 123.00 | 140.00 | OK |
Version: 0.2.0
Check: CRAN incoming feasibility
Result: NOTE
Maintainer: ‘Yiran Zhang <yiz038@health.ucsd.edu>’
No Authors@R field in DESCRIPTION.
Please add one, modifying
Authors@R: person(given = "Yiran",
family = "Zhang",
role = c("aut", "cre"),
email = "yiz038@health.ucsd.edu")
as necessary.
The Description field contains
Zhang, Y. and Xu, R. (2022) <arXiv:2204.10426>.
Please refer to arXiv e-prints via their arXiv DOI <doi:10.48550/arXiv.YYMM.NNNNN>.
Flavors: r-devel-linux-x86_64-debian-clang, r-devel-linux-x86_64-debian-gcc