CRAN Package Check Results for Package semicontMANOVA

Last updated on 2025-04-30 04:50:19 CEST.

Flavor Version Tinstall Tcheck Ttotal Status Flags
r-devel-linux-x86_64-debian-clang 0.1-8 2.83 27.23 30.06 NOTE
r-devel-linux-x86_64-debian-gcc 0.1-8 1.88 19.58 21.46 NOTE
r-devel-linux-x86_64-fedora-clang 0.1-8 48.04 OK
r-devel-linux-x86_64-fedora-gcc 0.1-8 43.83 OK
r-devel-windows-x86_64 0.1-8 4.00 56.00 60.00 OK
r-patched-linux-x86_64 0.1-8 2.84 25.36 28.20 OK
r-release-linux-x86_64 0.1-8 2.66 25.91 28.57 OK
r-release-macos-arm64 0.1-8 19.00 OK
r-release-macos-x86_64 0.1-8 28.00 OK
r-release-windows-x86_64 0.1-8 3.00 48.00 51.00 OK
r-oldrel-macos-arm64 0.1-8 16.00 OK
r-oldrel-macos-x86_64 0.1-8 24.00 OK
r-oldrel-windows-x86_64 0.1-8 3.00 48.00 51.00 OK

Check Details

Version: 0.1-8
Check: CRAN incoming feasibility
Result: NOTE Maintainer: ‘Elena Sabbioni <elena.sabbioni@polito.it>’ The Description field contains <arXiv:2401.04036>. Please refer to arXiv e-prints via their arXiv DOI <doi:10.48550/arXiv.YYMM.NNNNN>. Flavors: r-devel-linux-x86_64-debian-clang, r-devel-linux-x86_64-debian-gcc

Version: 0.1-8
Check: examples
Result: NOTE Examples with CPU (user + system) or elapsed time > 5s user system elapsed scMANOVApermTest 5.198 0.051 6.764 Flavor: r-devel-linux-x86_64-debian-clang