Last updated on 2025-04-30 04:50:19 CEST.
Flavor | Version | Tinstall | Tcheck | Ttotal | Status | Flags |
---|---|---|---|---|---|---|
r-devel-linux-x86_64-debian-clang | 0.1.0 | 21.83 | 51.09 | 72.92 | NOTE | |
r-devel-linux-x86_64-debian-gcc | 0.1.0 | 14.06 | 36.31 | 50.37 | NOTE | |
r-devel-linux-x86_64-fedora-clang | 0.1.0 | 125.93 | OK | |||
r-devel-linux-x86_64-fedora-gcc | 0.1.0 | 112.82 | OK | |||
r-devel-windows-x86_64 | 0.1.0 | 26.00 | 84.00 | 110.00 | OK | |
r-patched-linux-x86_64 | 0.1.0 | 18.36 | 47.79 | 66.15 | OK | |
r-release-linux-x86_64 | 0.1.0 | 19.61 | 47.84 | 67.45 | OK | |
r-release-macos-arm64 | 0.1.0 | 41.00 | OK | |||
r-release-macos-x86_64 | 0.1.0 | 62.00 | OK | |||
r-release-windows-x86_64 | 0.1.0 | 24.00 | 84.00 | 108.00 | OK | |
r-oldrel-macos-arm64 | 0.1.0 | 33.00 | OK | |||
r-oldrel-macos-x86_64 | 0.1.0 | 45.00 | OK | |||
r-oldrel-windows-x86_64 | 0.1.0 | 29.00 | 101.00 | 130.00 | OK |
Version: 0.1.0
Check: examples
Result: NOTE
Examples with CPU (user + system) or elapsed time > 5s
user system elapsed
MINTsemiperm 13.146 0.066 19.957
Flavor: r-devel-linux-x86_64-debian-clang
Version: 0.1.0
Check: examples
Result: NOTE
Examples with CPU (user + system) or elapsed time > 5s
user system elapsed
MINTsemiperm 6.713 0.119 8.513
Flavor: r-devel-linux-x86_64-debian-gcc