CRAN Package Check Results for Package seminr

Last updated on 2025-04-30 04:50:19 CEST.

Flavor Version Tinstall Tcheck Ttotal Status Flags
r-devel-linux-x86_64-debian-clang 2.3.4 8.28 128.92 137.20 NOTE
r-devel-linux-x86_64-debian-gcc 2.3.4 5.43 83.88 89.31 NOTE
r-devel-linux-x86_64-fedora-clang 2.3.4 212.25 NOTE
r-devel-linux-x86_64-fedora-gcc 2.3.4 237.62 NOTE
r-devel-windows-x86_64 2.3.4 10.00 312.00 322.00 NOTE
r-patched-linux-x86_64 2.3.4 9.18 120.84 130.02 NOTE
r-release-linux-x86_64 2.3.4 6.49 121.73 128.22 NOTE
r-release-macos-arm64 2.3.4 167.00 NOTE
r-release-macos-x86_64 2.3.4 285.00 NOTE
r-release-windows-x86_64 2.3.4 9.00 311.00 320.00 NOTE
r-oldrel-macos-arm64 2.3.4 106.00 OK
r-oldrel-macos-x86_64 2.3.4 198.00 OK
r-oldrel-windows-x86_64 2.3.4 13.00 405.00 418.00 OK

Check Details

Version: 2.3.4
Check: DESCRIPTION meta-information
Result: NOTE Missing dependency on R >= 4.1.0 because package code uses the pipe |> or function shorthand \(...) syntax added in R 4.1.0. File(s) using such syntax: ‘boot_utils.R’ Flavors: r-devel-linux-x86_64-debian-clang, r-devel-linux-x86_64-debian-gcc, r-devel-linux-x86_64-fedora-clang, r-devel-linux-x86_64-fedora-gcc, r-devel-windows-x86_64, r-patched-linux-x86_64, r-release-linux-x86_64, r-release-macos-arm64, r-release-macos-x86_64, r-release-windows-x86_64

Version: 2.3.4
Check: examples
Result: NOTE Examples with CPU (user + system) or elapsed time > 5s user system elapsed dot_graph 4.952 0.063 7.982 bootstrap_model 0.351 0.039 6.239 estimate_pls_mga 0.286 0.026 8.506 Flavor: r-devel-linux-x86_64-debian-clang

Version: 2.3.4
Check: for unstated dependencies in ‘demo’
Result: NOTE 'library' or 'require' call not declared from: ‘swirl’ Flavors: r-devel-linux-x86_64-debian-clang, r-devel-linux-x86_64-debian-gcc, r-patched-linux-x86_64, r-release-linux-x86_64

Version: 2.3.4
Check: examples
Result: NOTE Examples with CPU (user + system) or elapsed time > 5s user system elapsed bootstrap_model 0.228 0.016 6.294 estimate_pls_mga 0.163 0.003 6.365 Flavor: r-devel-linux-x86_64-debian-gcc

Version: 2.3.4
Check: dependencies in R code
Result: NOTE Namespaces in Imports field not imported from: ‘knitr’ ‘rmarkdown’ ‘webp’ All declared Imports should be used. Flavors: r-devel-linux-x86_64-fedora-clang, r-devel-linux-x86_64-fedora-gcc