Last updated on 2025-04-30 04:50:19 CEST.
Flavor | Version | Tinstall | Tcheck | Ttotal | Status | Flags |
---|---|---|---|---|---|---|
r-devel-linux-x86_64-debian-clang | 0.11.3 | 6.67 | 162.11 | 168.78 | NOTE | |
r-devel-linux-x86_64-debian-gcc | 0.11.3 | 4.58 | 111.69 | 116.27 | OK | |
r-devel-linux-x86_64-fedora-clang | 0.11.3 | 267.46 | OK | |||
r-devel-linux-x86_64-fedora-gcc | 0.11.3 | 264.81 | OK | |||
r-devel-windows-x86_64 | 0.11.3 | 9.00 | 152.00 | 161.00 | OK | |
r-patched-linux-x86_64 | 0.11.3 | 5.93 | 154.16 | 160.09 | OK | |
r-release-linux-x86_64 | 0.11.3 | 6.10 | 155.34 | 161.44 | OK | |
r-release-macos-arm64 | 0.11.3 | 87.00 | OK | |||
r-release-macos-x86_64 | 0.11.3 | 125.00 | OK | |||
r-release-windows-x86_64 | 0.11.3 | 9.00 | 151.00 | 160.00 | OK | |
r-oldrel-macos-arm64 | 0.11.3 | 80.00 | OK | |||
r-oldrel-macos-x86_64 | 0.11.3 | 127.00 | OK | |||
r-oldrel-windows-x86_64 | 0.11.3 | 11.00 | 190.00 | 201.00 | OK |
Version: 0.11.3
Check: examples
Result: NOTE
Examples with CPU (user + system) or elapsed time > 5s
user system elapsed
loglikelihood 6.109 0.082 8.363
nearby_levels 5.233 0.059 7.346
ci_order 4.902 0.131 5.669
semlbci 3.074 0.007 5.067
Flavor: r-devel-linux-x86_64-debian-clang