Last updated on 2025-04-30 04:50:19 CEST.
Flavor | Version | Tinstall | Tcheck | Ttotal | Status | Flags |
---|---|---|---|---|---|---|
r-devel-linux-x86_64-debian-clang | 1.1 | 7.52 | 72.26 | 79.78 | WARN | |
r-devel-linux-x86_64-debian-gcc | 1.1 | 6.00 | 54.95 | 60.95 | WARN | |
r-devel-linux-x86_64-fedora-clang | 1.2 | 132.64 | OK | |||
r-devel-linux-x86_64-fedora-gcc | 1.2 | 115.99 | OK | |||
r-devel-windows-x86_64 | 1.1 | 9.00 | 91.00 | 100.00 | WARN | |
r-patched-linux-x86_64 | 1.1 | 8.57 | 69.28 | 77.85 | WARN | |
r-release-linux-x86_64 | 1.1 | 6.85 | 68.51 | 75.36 | WARN | |
r-release-macos-arm64 | 1.2 | 41.00 | OK | |||
r-release-macos-x86_64 | 1.2 | 71.00 | OK | |||
r-release-windows-x86_64 | 1.2 | 9.00 | 83.00 | 92.00 | OK | |
r-oldrel-macos-arm64 | 1.2 | 43.00 | OK | |||
r-oldrel-macos-x86_64 | 1.2 | 75.00 | OK | |||
r-oldrel-windows-x86_64 | 1.1 | 11.00 | 105.00 | 116.00 | WARN |
Version: 1.1
Check: CRAN incoming feasibility
Result: NOTE
Maintainer: ‘Giancarlo Ferrara <giancarlo.ferrara@gmail.com>’
No Authors@R field in DESCRIPTION.
Please add one, modifying
Authors@R: c(person(given = "Giancarlo",
family = "Ferrara",
role = c("aut", "cre"),
email = "giancarlo.ferrara@gmail.com"),
person(given = "Francesco",
family = "Vidoli",
role = "aut"))
as necessary.
Flavors: r-devel-linux-x86_64-debian-clang, r-devel-linux-x86_64-debian-gcc
Version: 1.1
Check: whether package can be installed
Result: WARN
Found the following significant warnings:
Warning: replacing previous import ‘mgcv::lp’ by ‘gamlss::lp’ when loading ‘semsfa’
Flavors: r-devel-linux-x86_64-debian-clang, r-devel-linux-x86_64-debian-gcc, r-devel-windows-x86_64, r-patched-linux-x86_64, r-release-linux-x86_64, r-oldrel-windows-x86_64