Last updated on 2025-02-21 03:52:26 CET.
Flavor | Version | Tinstall | Tcheck | Ttotal | Status | Flags |
---|---|---|---|---|---|---|
r-devel-linux-x86_64-debian-clang | 0.8.5 | 19.39 | 193.77 | 213.16 | NOTE | |
r-devel-linux-x86_64-debian-gcc | 0.8.5 | 13.69 | 129.04 | 142.73 | NOTE | |
r-devel-linux-x86_64-fedora-clang | 0.8.5 | 341.69 | NOTE | |||
r-devel-linux-x86_64-fedora-gcc | 0.8.5 | 350.90 | NOTE | |||
r-devel-macos-arm64 | 0.8.5 | 104.00 | NOTE | |||
r-devel-macos-x86_64 | 0.8.5 | 278.00 | NOTE | |||
r-devel-windows-x86_64 | 0.8.5 | 23.00 | 193.00 | 216.00 | NOTE | |
r-patched-linux-x86_64 | 0.8.5 | 21.51 | 178.04 | 199.55 | NOTE | |
r-release-linux-x86_64 | 0.8.5 | 17.37 | 179.32 | 196.69 | NOTE | |
r-release-macos-arm64 | 0.8.5 | 98.00 | NOTE | |||
r-release-macos-x86_64 | 0.8.5 | 208.00 | NOTE | |||
r-release-windows-x86_64 | 0.8.5 | 23.00 | 190.00 | 213.00 | NOTE | |
r-oldrel-macos-arm64 | 0.8.5 | 124.00 | OK | |||
r-oldrel-macos-x86_64 | 0.8.5 | 194.00 | OK | |||
r-oldrel-windows-x86_64 | 0.8.5 | 29.00 | 231.00 | 260.00 | OK |
Version: 0.8.5
Check: Rd files
Result: NOTE
checkRd: (-1) match_dataphy.Rd:37-38: Lost braces in \itemize; meant \describe ?
checkRd: (-1) match_dataphy.Rd:39-41: Lost braces in \itemize; meant \describe ?
checkRd: (-1) match_dataphy.Rd:42-44: Lost braces in \itemize; meant \describe ?
Flavors: r-devel-linux-x86_64-debian-clang, r-devel-linux-x86_64-debian-gcc, r-devel-linux-x86_64-fedora-clang, r-devel-linux-x86_64-fedora-gcc, r-devel-macos-arm64, r-devel-macos-x86_64, r-devel-windows-x86_64, r-patched-linux-x86_64, r-release-linux-x86_64, r-release-macos-arm64, r-release-macos-x86_64, r-release-windows-x86_64