CRAN Package Check Results for Package sensitivity2x2xk

Last updated on 2025-04-30 04:50:19 CEST.

Flavor Version Tinstall Tcheck Ttotal Status Flags
r-devel-linux-x86_64-debian-clang 1.01 2.07 21.23 23.30 NOTE
r-devel-linux-x86_64-debian-gcc 1.01 1.51 16.92 18.43 NOTE
r-devel-linux-x86_64-fedora-clang 1.01 37.68 OK
r-devel-linux-x86_64-fedora-gcc 1.01 34.77 OK
r-devel-windows-x86_64 1.01 3.00 48.00 51.00 OK
r-patched-linux-x86_64 1.01 2.12 20.21 22.33 OK
r-release-linux-x86_64 1.01 2.24 20.42 22.66 OK
r-release-macos-arm64 1.01 29.00 OK
r-release-macos-x86_64 1.01 27.00 OK
r-release-windows-x86_64 1.01 3.00 46.00 49.00 OK
r-oldrel-macos-arm64 1.01 16.00 NOTE
r-oldrel-macos-x86_64 1.01 22.00 NOTE
r-oldrel-windows-x86_64 1.01 3.00 44.00 47.00 NOTE

Check Details

Version: 1.01
Check: CRAN incoming feasibility
Result: NOTE Maintainer: ‘Paul R. Rosenbaum <rosenbaum@wharton.upenn.edu>’ No Authors@R field in DESCRIPTION. Please add one, modifying Authors@R: c(person(given = c("Paul", "R."), family = "Rosenbaum", role = c("aut", "cre"), email = "rosenbaum@wharton.upenn.edu"), person(given = c("Dylan", "S."), family = "Small", role = "aut")) as necessary. Flavors: r-devel-linux-x86_64-debian-clang, r-devel-linux-x86_64-debian-gcc

Version: 1.01
Check: LazyData
Result: NOTE 'LazyData' is specified without a 'data' directory Flavors: r-oldrel-macos-arm64, r-oldrel-macos-x86_64, r-oldrel-windows-x86_64