CRAN Package Check Results for Package sensory

Last updated on 2025-04-30 04:50:19 CEST.

Flavor Version Tinstall Tcheck Ttotal Status Flags
r-devel-linux-x86_64-debian-clang 1.1 7.06 59.29 66.35 NOTE
r-devel-linux-x86_64-debian-gcc 1.1 5.50 43.53 49.03 NOTE
r-devel-linux-x86_64-fedora-clang 1.1 102.39 OK
r-devel-linux-x86_64-fedora-gcc 1.1 97.02 OK
r-devel-windows-x86_64 1.1 7.00 77.00 84.00 OK
r-patched-linux-x86_64 1.1 5.69 56.40 62.09 OK
r-release-linux-x86_64 1.1 6.97 56.77 63.74 OK
r-release-macos-arm64 1.1 35.00 OK
r-release-macos-x86_64 1.1 58.00 OK
r-release-windows-x86_64 1.1 7.00 75.00 82.00 OK
r-oldrel-macos-arm64 1.1 33.00 OK
r-oldrel-macos-x86_64 1.1 46.00 OK
r-oldrel-windows-x86_64 1.1 10.00 87.00 97.00 OK

Check Details

Version: 1.1
Check: CRAN incoming feasibility
Result: NOTE Maintainer: ‘Brian C. Franczak <bfrancza@math.mcmaster.ca>’ No Authors@R field in DESCRIPTION. Please add one, modifying Authors@R: c(person(given = c("Brian", "C."), family = "Franczak", role = c("aut", "cre"), email = "bfrancza@math.mcmaster.ca"), person(given = c("Ryan", "P."), family = "Browne", role = "aut"), person(given = c("Paul", "D."), family = "McNicholas", role = "aut")) as necessary. Flavors: r-devel-linux-x86_64-debian-clang, r-devel-linux-x86_64-debian-gcc