Last updated on 2025-11-04 03:51:07 CET.
| Flavor | Version | Tinstall | Tcheck | Ttotal | Status | Flags | 
|---|---|---|---|---|---|---|
| r-devel-linux-x86_64-debian-clang | 0.2.3 | 393.28 | 38.34 | 431.62 | NOTE | |
| r-devel-linux-x86_64-debian-gcc | 0.2.3 | 267.21 | 30.12 | 297.33 | NOTE | |
| r-devel-linux-x86_64-fedora-clang | 0.2.3 | 780.00 | 100.28 | 880.28 | NOTE | |
| r-devel-linux-x86_64-fedora-gcc | 0.2.3 | 780.00 | 9.92 | 789.92 | NOTE | |
| r-devel-windows-x86_64 | 0.2.3 | 575.00 | 84.00 | 659.00 | NOTE | |
| r-patched-linux-x86_64 | 0.2.3 | 482.61 | 36.64 | 519.25 | NOTE | |
| r-release-linux-x86_64 | 0.2.3 | 477.77 | 36.49 | 514.26 | NOTE | |
| r-release-macos-arm64 | 0.2.3 | 145.00 | 35.00 | 180.00 | NOTE | |
| r-release-macos-x86_64 | 0.2.3 | 107.00 | 44.00 | 151.00 | NOTE | |
| r-release-windows-x86_64 | 0.2.3 | 574.00 | 86.00 | 660.00 | NOTE | |
| r-oldrel-macos-arm64 | 0.2.3 | 153.00 | 32.00 | 185.00 | NOTE | |
| r-oldrel-macos-x86_64 | 0.2.3 | 105.00 | 38.00 | 143.00 | NOTE | |
| r-oldrel-windows-x86_64 | 0.2.3 | 618.00 | 107.00 | 725.00 | NOTE | 
Version: 0.2.3
Check: C++ specification
Result: NOTE
    Specified C++11: please drop specification unless essential
Flavors: r-devel-linux-x86_64-debian-clang, r-devel-linux-x86_64-debian-gcc, r-devel-linux-x86_64-fedora-clang, r-devel-linux-x86_64-fedora-gcc, r-devel-windows-x86_64, r-patched-linux-x86_64, r-release-linux-x86_64, r-release-macos-arm64, r-release-macos-x86_64, r-release-windows-x86_64, r-oldrel-macos-arm64, r-oldrel-macos-x86_64, r-oldrel-windows-x86_64
Version: 0.2.3
Check: installed package size
Result: NOTE
    installed size is 21.5Mb
    sub-directories of 1Mb or more:
      libs    19.7Mb
      models   1.6Mb
Flavors: r-oldrel-macos-arm64, r-oldrel-macos-x86_64, r-oldrel-windows-x86_64