Last updated on 2025-04-30 04:50:19 CEST.
Flavor | Version | Tinstall | Tcheck | Ttotal | Status | Flags |
---|---|---|---|---|---|---|
r-devel-linux-x86_64-debian-clang | 0.7.4 | 55.03 | 398.97 | 454.00 | NOTE | |
r-devel-linux-x86_64-debian-gcc | 0.7.4 | 35.35 | 341.05 | 376.40 | NOTE | |
r-devel-linux-x86_64-fedora-clang | 0.7.4 | 707.97 | OK | |||
r-devel-linux-x86_64-fedora-gcc | 0.7.4 | 633.63 | OK | |||
r-devel-windows-x86_64 | 0.7.4 | 64.00 | 350.00 | 414.00 | OK | |
r-patched-linux-x86_64 | 0.7.4 | 56.70 | 356.53 | 413.23 | OK | |
r-release-linux-x86_64 | 0.7.4 | 55.92 | 365.31 | 421.23 | OK | |
r-release-macos-arm64 | 0.7.4 | 216.00 | OK | |||
r-release-macos-x86_64 | 0.7.4 | 365.00 | OK | |||
r-release-windows-x86_64 | 0.7.4 | 63.00 | 343.00 | 406.00 | OK | |
r-oldrel-macos-arm64 | 0.7.4 | 190.00 | NOTE | |||
r-oldrel-macos-x86_64 | 0.7.4 | 347.00 | NOTE | |||
r-oldrel-windows-x86_64 | 0.7.4 | 73.00 | 452.00 | 525.00 | OK |
Version: 0.7.4
Check: examples
Result: NOTE
Examples with CPU (user + system) or elapsed time > 5s
user system elapsed
topWords 7.956 0.276 6.668
plot.sentopicmodel 6.832 0.333 3.650
LDAvis 5.129 0.263 2.505
chainsScores 2.218 0.093 10.453
fit.sentopicmodel 1.585 0.147 9.581
Flavor: r-devel-linux-x86_64-debian-clang
Version: 0.7.4
Check: examples
Result: NOTE
Examples with CPU (user + system) or elapsed time > 5s
user system elapsed
plot.sentopicmodel 7.553 0.144 5.903
LDAvis 6.789 0.017 4.763
topWords 6.076 0.105 5.561
chainsScores 1.826 0.173 9.705
fit.sentopicmodel 1.380 0.101 7.903
Flavor: r-devel-linux-x86_64-debian-gcc
Version: 0.7.4
Check: installed package size
Result: NOTE
installed size is 6.5Mb
sub-directories of 1Mb or more:
data 1.2Mb
libs 4.4Mb
Flavors: r-oldrel-macos-arm64, r-oldrel-macos-x86_64