Last updated on 2025-04-30 04:50:19 CEST.
Flavor | Version | Tinstall | Tcheck | Ttotal | Status | Flags |
---|---|---|---|---|---|---|
r-devel-linux-x86_64-debian-clang | 0.1.31 | 57.41 | 404.19 | 461.60 | NOTE | |
r-devel-linux-x86_64-debian-gcc | 0.1.31 | 38.18 | 273.17 | 311.35 | NOTE | |
r-devel-linux-x86_64-fedora-clang | 0.1.31 | 785.29 | OK | |||
r-devel-linux-x86_64-fedora-gcc | 0.1.31 | 683.82 | OK | |||
r-devel-windows-x86_64 | 0.1.31 | 48.00 | 306.00 | 354.00 | OK | |
r-patched-linux-x86_64 | 0.1.31 | 52.88 | 379.59 | 432.47 | OK | |
r-release-linux-x86_64 | 0.1.31 | 53.79 | 383.71 | 437.50 | OK | |
r-release-macos-arm64 | 0.1.31 | 187.00 | OK | |||
r-release-macos-x86_64 | 0.1.31 | 338.00 | OK | |||
r-release-windows-x86_64 | 0.1.31 | 52.00 | 302.00 | 354.00 | OK | |
r-oldrel-macos-arm64 | 0.1.31 | 131.00 | OK | |||
r-oldrel-macos-x86_64 | 0.1.31 | 216.00 | OK | |||
r-oldrel-windows-x86_64 | 0.1.31 | 62.00 | 418.00 | 480.00 | OK |
Version: 0.1.31
Check: DESCRIPTION meta-information
Result: NOTE
Author field differs from that derived from Authors@R
Author: ‘Inder Tecuapetla-Gómez [cre, aut] (0000-0001-6251-972X), Fanny Galicia-Gómez [ctb], Francisco Rosales-Marticorena [ctb]’
Authors@R: ‘Inder Tecuapetla-Gómez [cre, aut] (ORDIC: 0000-0001-6251-972X), Fanny Galicia-Gómez [ctb], Francisco Rosales-Marticorena [ctb]’
Flavors: r-devel-linux-x86_64-debian-clang, r-devel-linux-x86_64-debian-gcc
Version: 0.1.31
Check: examples
Result: NOTE
Examples with CPU (user + system) or elapsed time > 5s
user system elapsed
phenopar 4.167 0.159 5.142
Flavor: r-devel-linux-x86_64-debian-clang