Last updated on 2025-04-30 04:50:19 CEST.
Flavor | Version | Tinstall | Tcheck | Ttotal | Status | Flags |
---|---|---|---|---|---|---|
r-devel-linux-x86_64-debian-clang | 0.0.1 | 2.89 | 22.29 | 25.18 | NOTE | |
r-devel-linux-x86_64-debian-gcc | 0.0.1 | 2.14 | 18.00 | 20.14 | NOTE | |
r-devel-linux-x86_64-fedora-clang | 0.0.1 | 37.14 | OK | |||
r-devel-linux-x86_64-fedora-gcc | 0.0.1 | 36.02 | OK | |||
r-devel-windows-x86_64 | 0.0.1 | 4.00 | 45.00 | 49.00 | OK | |
r-patched-linux-x86_64 | 0.0.1 | 2.99 | 20.39 | 23.38 | OK | |
r-release-linux-x86_64 | 0.0.1 | 2.77 | 20.79 | 23.56 | OK | |
r-release-macos-arm64 | 0.0.1 | 19.00 | OK | |||
r-release-macos-x86_64 | 0.0.1 | 39.00 | OK | |||
r-release-windows-x86_64 | 0.0.1 | 5.00 | 45.00 | 50.00 | OK | |
r-oldrel-macos-arm64 | 0.0.1 | 16.00 | OK | |||
r-oldrel-macos-x86_64 | 0.0.1 | 32.00 | OK | |||
r-oldrel-windows-x86_64 | 0.0.1 | 4.00 | 44.00 | 48.00 | OK |
Version: 0.0.1
Check: CRAN incoming feasibility
Result: NOTE
Maintainer: ‘Lewis A. Jones <LewisA.Jones@outlook.com>’
Package CITATION file contains call(s) to old-style citEntry(). Please
use bibentry() instead.
Flavors: r-devel-linux-x86_64-debian-clang, r-devel-linux-x86_64-debian-gcc