Last updated on 2025-04-30 04:50:19 CEST.
Flavor | Version | Tinstall | Tcheck | Ttotal | Status | Flags |
---|---|---|---|---|---|---|
r-devel-linux-x86_64-debian-clang | 2.0.1 | 7.78 | 43.66 | 51.44 | NOTE | |
r-devel-linux-x86_64-debian-gcc | 2.0.1 | 4.53 | 33.34 | 37.87 | OK | |
r-devel-linux-x86_64-fedora-clang | 2.0.1 | 84.34 | OK | |||
r-devel-linux-x86_64-fedora-gcc | 2.0.1 | 78.24 | OK | |||
r-devel-windows-x86_64 | 2.0.1 | 10.00 | 72.00 | 82.00 | OK | |
r-patched-linux-x86_64 | 2.0.1 | 6.67 | 40.95 | 47.62 | OK | |
r-release-linux-x86_64 | 2.0.1 | 6.05 | 40.69 | 46.74 | OK | |
r-release-macos-arm64 | 2.0.1 | 35.00 | OK | |||
r-release-macos-x86_64 | 2.0.1 | 53.00 | OK | |||
r-release-windows-x86_64 | 2.0.1 | 11.00 | 71.00 | 82.00 | OK | |
r-oldrel-macos-arm64 | 2.0.1 | 30.00 | OK | |||
r-oldrel-macos-x86_64 | 2.0.1 | 49.00 | OK | |||
r-oldrel-windows-x86_64 | 2.0.1 | 11.00 | 74.00 | 85.00 | OK |
Version: 2.0.1
Check: examples
Result: NOTE
Examples with CPU (user + system) or elapsed time > 5s
user system elapsed
plot.change.points 4.117 0.008 5.252
find.points 4.042 0.039 5.553
print.change.points 4.064 0.004 5.750
Flavor: r-devel-linux-x86_64-debian-clang