Last updated on 2025-04-30 04:50:19 CEST.
Flavor | Version | Tinstall | Tcheck | Ttotal | Status | Flags |
---|---|---|---|---|---|---|
r-devel-linux-x86_64-debian-clang | 1.1 | 3.06 | 37.93 | 40.99 | NOTE | |
r-devel-linux-x86_64-debian-gcc | 1.1 | 2.03 | 27.63 | 29.66 | NOTE | |
r-devel-linux-x86_64-fedora-clang | 1.1 | 66.45 | OK | |||
r-devel-linux-x86_64-fedora-gcc | 1.1 | 63.28 | OK | |||
r-devel-windows-x86_64 | 1.1 | 4.00 | 59.00 | 63.00 | OK | |
r-patched-linux-x86_64 | 1.1 | 3.40 | 36.21 | 39.61 | OK | |
r-release-linux-x86_64 | 1.1 | 1.96 | 35.90 | 37.86 | OK | |
r-release-macos-arm64 | 1.1 | 25.00 | OK | |||
r-release-macos-x86_64 | 1.1 | 38.00 | OK | |||
r-release-windows-x86_64 | 1.1 | 4.00 | 62.00 | 66.00 | OK | |
r-oldrel-macos-arm64 | 1.1 | 22.00 | NOTE | |||
r-oldrel-macos-x86_64 | 1.1 | 32.00 | NOTE | |||
r-oldrel-windows-x86_64 | 1.1 | 5.00 | 58.00 | 63.00 | NOTE |
Version: 1.1
Check: CRAN incoming feasibility
Result: NOTE
Maintainer: ‘Niklas Pfister <pfister@stat.math.ethz.ch>’
No Authors@R field in DESCRIPTION.
Please add one, modifying
Authors@R: c(person(given = "Niklas",
family = "Pfister",
role = c("aut", "cre"),
email = "pfister@stat.math.ethz.ch"),
person(given = "Jonas",
family = "Peters",
role = "aut"))
as necessary.
Flavors: r-devel-linux-x86_64-debian-clang, r-devel-linux-x86_64-debian-gcc
Version: 1.1
Check: examples
Result: NOTE
Examples with CPU (user + system) or elapsed time > 5s
user system elapsed
seqICP 6.660 0.177 9.756
seqICPnl 5.456 0.107 9.175
Flavor: r-devel-linux-x86_64-debian-clang
Version: 1.1
Check: LazyData
Result: NOTE
'LazyData' is specified without a 'data' directory
Flavors: r-oldrel-macos-arm64, r-oldrel-macos-x86_64, r-oldrel-windows-x86_64