Last updated on 2025-04-30 04:50:19 CEST.
Flavor | Version | Tinstall | Tcheck | Ttotal | Status | Flags |
---|---|---|---|---|---|---|
r-devel-linux-x86_64-debian-clang | 4.2-36 | 14.65 | 107.50 | 122.15 | NOTE | |
r-devel-linux-x86_64-debian-gcc | 4.2-36 | 9.11 | 74.81 | 83.92 | OK | |
r-devel-linux-x86_64-fedora-clang | 4.2-36 | 187.47 | OK | |||
r-devel-linux-x86_64-fedora-gcc | 4.2-36 | 179.72 | OK | |||
r-devel-windows-x86_64 | 4.2-36 | 20.00 | 160.00 | 180.00 | OK | |
r-patched-linux-x86_64 | 4.2-36 | 17.01 | 101.42 | 118.43 | OK | |
r-release-linux-x86_64 | 4.2-36 | 11.98 | 100.80 | 112.78 | OK | |
r-release-macos-arm64 | 4.2-36 | 69.00 | OK | |||
r-release-macos-x86_64 | 4.2-36 | 128.00 | OK | |||
r-release-windows-x86_64 | 4.2-36 | 20.00 | 157.00 | 177.00 | OK | |
r-oldrel-macos-arm64 | 4.2-36 | 58.00 | NOTE | |||
r-oldrel-macos-x86_64 | 4.2-36 | 131.00 | NOTE | |||
r-oldrel-windows-x86_64 | 4.2-36 | 23.00 | 183.00 | 206.00 | NOTE |
Version: 4.2-36
Check: examples
Result: NOTE
Examples with CPU (user + system) or elapsed time > 5s
user system elapsed
dotchart.uco 5.184 0.103 8.629
Flavor: r-devel-linux-x86_64-debian-clang
Version: 4.2-36
Check: installed package size
Result: NOTE
installed size is 5.5Mb
sub-directories of 1Mb or more:
data 1.4Mb
sequences 1.9Mb
Flavors: r-oldrel-macos-arm64, r-oldrel-macos-x86_64, r-oldrel-windows-x86_64