Last updated on 2025-02-21 03:52:26 CET.
Flavor | Version | Tinstall | Tcheck | Ttotal | Status | Flags |
---|---|---|---|---|---|---|
r-devel-linux-x86_64-debian-clang | 0.1.7 | 14.75 | 128.26 | 143.01 | NOTE | |
r-devel-linux-x86_64-debian-gcc | 0.1.7 | 11.24 | 91.57 | 102.81 | NOTE | |
r-devel-linux-x86_64-fedora-clang | 0.1.7 | 248.72 | NOTE | |||
r-devel-linux-x86_64-fedora-gcc | 0.1.7 | 246.53 | NOTE | |||
r-devel-macos-arm64 | 0.1.7 | 64.00 | OK | |||
r-devel-macos-x86_64 | 0.1.7 | 147.00 | NOTE | |||
r-devel-windows-x86_64 | 0.1.7 | 15.00 | 121.00 | 136.00 | NOTE | |
r-patched-linux-x86_64 | 0.1.7 | 13.24 | 116.54 | 129.78 | OK | |
r-release-linux-x86_64 | 0.1.7 | 12.39 | 116.37 | 128.76 | OK | |
r-release-macos-arm64 | 0.1.7 | 64.00 | OK | |||
r-release-macos-x86_64 | 0.1.7 | 100.00 | OK | |||
r-release-windows-x86_64 | 0.1.7 | 15.00 | 120.00 | 135.00 | OK | |
r-oldrel-macos-arm64 | 0.1.7 | 74.00 | OK | |||
r-oldrel-macos-x86_64 | 0.1.7 | 167.00 | OK | |||
r-oldrel-windows-x86_64 | 0.1.7 | 19.00 | 170.00 | 189.00 | OK |
Version: 0.1.7
Check: DESCRIPTION meta-information
Result: NOTE
Missing dependency on R >= 4.1.0 because package code uses the pipe
|> or function shorthand \(...) syntax added in R 4.1.0.
File(s) using such syntax:
‘consensus.R’
Flavors: r-devel-linux-x86_64-debian-clang, r-devel-linux-x86_64-debian-gcc, r-devel-linux-x86_64-fedora-clang, r-devel-linux-x86_64-fedora-gcc, r-devel-macos-x86_64, r-devel-windows-x86_64