CRAN Package Check Results for Package seqtrie

Last updated on 2025-04-30 04:50:19 CEST.

Flavor Version Tinstall Tcheck Ttotal Status Flags
r-devel-linux-x86_64-debian-clang 0.2.9 43.78 304.22 348.00 OK
r-devel-linux-x86_64-debian-gcc 0.2.9 35.50 431.34 466.84 OK
r-devel-linux-x86_64-fedora-clang 0.2.9 651.93 OK
r-devel-linux-x86_64-fedora-gcc 0.2.9 886.73 OK
r-devel-windows-x86_64 0.2.9 66.00 302.00 368.00 OK
r-patched-linux-x86_64 0.2.9 49.72 638.47 688.19 OK
r-release-linux-x86_64 0.2.9 51.31 557.67 608.98 OK
r-release-macos-arm64 0.2.9 214.00 OK
r-release-macos-x86_64 0.2.9 344.00 OK
r-release-windows-x86_64 0.2.9 69.00 317.00 386.00 OK
r-oldrel-macos-arm64 0.2.9 377.00 NOTE
r-oldrel-macos-x86_64 0.2.9 513.00 NOTE
r-oldrel-windows-x86_64 0.2.9 70.00 834.00 904.00 NOTE

Check Details

Version: 0.2.9
Check: installed package size
Result: NOTE installed size is 5.9Mb sub-directories of 1Mb or more: data 1.1Mb libs 4.3Mb Flavors: r-oldrel-macos-arm64, r-oldrel-macos-x86_64

Version: 0.2.9
Check: for GNU extensions in Makefiles
Result: NOTE GNU make is a SystemRequirements. Flavors: r-oldrel-macos-arm64, r-oldrel-macos-x86_64, r-oldrel-windows-x86_64

Version: 0.2.9
Check: package dependencies
Result: NOTE Package suggested but not available for checking: ‘pwalign’ Flavor: r-oldrel-macos-x86_64