Last updated on 2025-02-21 03:52:26 CET.
Flavor | Version | Tinstall | Tcheck | Ttotal | Status | Flags |
---|---|---|---|---|---|---|
r-devel-linux-x86_64-debian-clang | 0.5-0 | 57.82 | 352.07 | 409.89 | OK | |
r-devel-linux-x86_64-debian-gcc | 0.5-0 | 46.38 | 256.22 | 302.60 | OK | |
r-devel-linux-x86_64-fedora-clang | 0.5-0 | 669.26 | OK | |||
r-devel-linux-x86_64-fedora-gcc | 0.5-0 | 730.38 | OK | |||
r-devel-macos-arm64 | 0.5-0 | 216.00 | OK | |||
r-devel-macos-x86_64 | 0.5-0 | 494.00 | OK | |||
r-devel-windows-x86_64 | 0.5-0 | 58.00 | 407.00 | 465.00 | OK | |
r-patched-linux-x86_64 | 0.5-0 | 65.55 | 374.45 | 440.00 | OK | |
r-release-linux-x86_64 | 0.5-0 | 68.92 | 376.57 | 445.49 | OK | |
r-release-macos-arm64 | 0.5-0 | 209.00 | NOTE | |||
r-release-macos-x86_64 | 0.5-0 | 312.00 | NOTE | |||
r-release-windows-x86_64 | 0.5-0 | 60.00 | 360.00 | 420.00 | OK | |
r-oldrel-macos-arm64 | 0.5-0 | 287.00 | NOTE | |||
r-oldrel-macos-x86_64 | 0.5-0 | 450.00 | NOTE | |||
r-oldrel-windows-x86_64 | 0.5-0 | 72.00 | 405.00 | 477.00 | OK |
Version: 0.5-0
Check: installed package size
Result: NOTE
installed size is 19.6Mb
sub-directories of 1Mb or more:
libs 18.3Mb
Flavors: r-release-macos-arm64, r-release-macos-x86_64, r-oldrel-macos-arm64, r-oldrel-macos-x86_64