CRAN Package Check Results for Package set

Last updated on 2025-04-30 04:50:19 CEST.

Flavor Version Tinstall Tcheck Ttotal Status Flags
r-devel-linux-x86_64-debian-clang 1.2 1.59 18.86 20.45 NOTE
r-devel-linux-x86_64-debian-gcc 1.2 1.41 16.02 17.43 NOTE
r-devel-linux-x86_64-fedora-clang 1.2 33.69 OK
r-devel-linux-x86_64-fedora-gcc 1.2 31.53 OK
r-devel-windows-x86_64 1.2 4.00 43.00 47.00 OK
r-patched-linux-x86_64 1.2 1.87 18.38 20.25 OK
r-release-linux-x86_64 1.2 1.63 18.39 20.02 OK
r-release-macos-arm64 1.2 16.00 OK
r-release-macos-x86_64 1.2 25.00 OK
r-release-windows-x86_64 1.2 5.00 43.00 48.00 OK
r-oldrel-macos-arm64 1.2 14.00 NOTE
r-oldrel-macos-x86_64 1.2 23.00 NOTE
r-oldrel-windows-x86_64 1.2 5.00 43.00 48.00 NOTE

Check Details

Version: 1.2
Check: CRAN incoming feasibility
Result: NOTE Maintainer: ‘Zhi Jin <nalanchongxuan@163.com>’ No Authors@R field in DESCRIPTION. Please add one, modifying Authors@R: c(person(given = "Zhi", family = "Jin", role = c("aut", "cre"), email = "nalanchongxuan@163.com"), person(given = "Jing", family = "Zhang", role = "aut")) as necessary. Flavors: r-devel-linux-x86_64-debian-clang, r-devel-linux-x86_64-debian-gcc

Version: 1.2
Check: LazyData
Result: NOTE 'LazyData' is specified without a 'data' directory Flavors: r-oldrel-macos-arm64, r-oldrel-macos-x86_64, r-oldrel-windows-x86_64