CRAN Package Check Results for Package sets

Last updated on 2025-04-30 04:50:19 CEST.

Flavor Version Tinstall Tcheck Ttotal Status Flags
r-devel-linux-x86_64-debian-clang 1.0-25 8.80 64.22 73.02 NOTE
r-devel-linux-x86_64-debian-gcc 1.0-25 5.55 45.91 51.46 NOTE
r-devel-linux-x86_64-fedora-clang 1.0-25 129.46 OK
r-devel-linux-x86_64-fedora-gcc 1.0-25 127.49 OK
r-devel-windows-x86_64 1.0-25 11.00 103.00 114.00 OK
r-patched-linux-x86_64 1.0-25 8.99 61.67 70.66 OK
r-release-linux-x86_64 1.0-25 8.49 61.79 70.28 OK
r-release-macos-arm64 1.0-25 42.00 OK
r-release-macos-x86_64 1.0-25 86.00 OK
r-release-windows-x86_64 1.0-25 11.00 101.00 112.00 OK
r-oldrel-macos-arm64 1.0-25 45.00 OK
r-oldrel-macos-x86_64 1.0-25 65.00 OK
r-oldrel-windows-x86_64 1.0-25 13.00 107.00 120.00 OK

Check Details

Version: 1.0-25
Check: examples
Result: NOTE Examples with CPU (user + system) or elapsed time > 5s user system elapsed fuzzydocs 7.441 0.007 10.767 Flavor: r-devel-linux-x86_64-debian-clang

Version: 1.0-25
Check: examples
Result: NOTE Examples with CPU (user + system) or elapsed time > 5s user system elapsed fuzzydocs 4.386 0.09 5.153 Flavor: r-devel-linux-x86_64-debian-gcc