Last updated on 2025-04-30 04:50:19 CEST.
Flavor | Version | Tinstall | Tcheck | Ttotal | Status | Flags |
---|---|---|---|---|---|---|
r-devel-linux-x86_64-debian-clang | 0.4.0 | 35.48 | 172.97 | 208.45 | OK | |
r-devel-linux-x86_64-debian-gcc | 0.4.0 | 22.76 | 125.24 | 148.00 | OK | |
r-devel-linux-x86_64-fedora-clang | 0.4.0 | 346.33 | OK | |||
r-devel-linux-x86_64-fedora-gcc | 0.4.0 | 345.91 | OK | |||
r-devel-windows-x86_64 | 0.4.0 | 36.00 | 183.00 | 219.00 | OK | |
r-patched-linux-x86_64 | 0.4.0 | 39.63 | 160.23 | 199.86 | OK | |
r-release-linux-x86_64 | 0.4.0 | 36.74 | 161.88 | 198.62 | OK | |
r-release-macos-arm64 | 0.4.0 | 103.00 | OK | |||
r-release-macos-x86_64 | 0.4.0 | 264.00 | OK | |||
r-release-windows-x86_64 | 0.4.0 | 34.00 | 191.00 | 225.00 | OK | |
r-oldrel-macos-arm64 | 0.4.0 | 98.00 | NOTE | |||
r-oldrel-macos-x86_64 | 0.4.0 | 328.00 | NOTE | |||
r-oldrel-windows-x86_64 | 0.4.0 | 48.00 | 230.00 | 278.00 | NOTE |
Version: 0.4.0
Check: installed package size
Result: NOTE
installed size is 9.1Mb
sub-directories of 1Mb or more:
R 2.0Mb
doc 6.4Mb
Flavors: r-oldrel-macos-arm64, r-oldrel-macos-x86_64, r-oldrel-windows-x86_64