Last updated on 2025-04-30 04:50:19 CEST.
Flavor | Version | Tinstall | Tcheck | Ttotal | Status | Flags |
---|---|---|---|---|---|---|
r-devel-linux-x86_64-debian-clang | 0.2.5 | 8.45 | 106.89 | 115.34 | NOTE | |
r-devel-linux-x86_64-debian-gcc | 0.2.5 | 5.59 | 76.29 | 81.88 | NOTE | |
r-devel-linux-x86_64-fedora-clang | 0.2.5 | 192.32 | OK | |||
r-devel-linux-x86_64-fedora-gcc | 0.2.5 | 198.21 | OK | |||
r-devel-windows-x86_64 | 0.2.5 | 10.00 | 132.00 | 142.00 | OK | |
r-patched-linux-x86_64 | 0.2.5 | 9.51 | 100.12 | 109.63 | OK | |
r-release-linux-x86_64 | 0.2.5 | 8.40 | 98.50 | 106.90 | OK | |
r-release-macos-arm64 | 0.2.5 | 55.00 | OK | |||
r-release-macos-x86_64 | 0.2.5 | 110.00 | OK | |||
r-release-windows-x86_64 | 0.2.5 | 11.00 | 131.00 | 142.00 | OK | |
r-oldrel-macos-arm64 | 0.2.5 | 48.00 | OK | |||
r-oldrel-macos-x86_64 | 0.2.5 | 81.00 | OK | |||
r-oldrel-windows-x86_64 | 0.2.5 | 12.00 | 156.00 | 168.00 | OK |
Version: 0.2.5
Check: examples
Result: NOTE
Examples with CPU (user + system) or elapsed time > 5s
user system elapsed
nb_match_test 8.47 0.093 11.845
pairwise_colocation 4.04 0.002 5.035
Flavor: r-devel-linux-x86_64-debian-clang
Version: 0.2.5
Check: examples
Result: NOTE
Examples with CPU (user + system) or elapsed time > 5s
user system elapsed
nb_match_test 4.974 0.051 6.343
Flavor: r-devel-linux-x86_64-debian-gcc