Last updated on 2025-04-30 04:50:19 CEST.
Flavor | Version | Tinstall | Tcheck | Ttotal | Status | Flags |
---|---|---|---|---|---|---|
r-devel-linux-x86_64-debian-clang | 0.2.2.0 | 35.02 | 288.15 | 323.17 | NOTE | |
r-devel-linux-x86_64-debian-gcc | 0.2.2.0 | 22.46 | 189.23 | 211.69 | NOTE | |
r-devel-linux-x86_64-fedora-clang | 0.2.2.0 | 536.61 | NOTE | |||
r-devel-linux-x86_64-fedora-gcc | 0.2.2.0 | 473.62 | NOTE | |||
r-devel-windows-x86_64 | 0.2.2.0 | 31.00 | 222.00 | 253.00 | NOTE | |
r-patched-linux-x86_64 | 0.2.2.0 | 31.22 | 269.87 | 301.09 | NOTE | |
r-release-linux-x86_64 | 0.2.2.0 | 31.96 | 271.05 | 303.01 | NOTE | |
r-release-macos-arm64 | 0.2.2.0 | 147.00 | NOTE | |||
r-release-macos-x86_64 | 0.2.2.0 | 237.00 | NOTE | |||
r-release-windows-x86_64 | 0.2.2.0 | 29.00 | 221.00 | 250.00 | NOTE | |
r-oldrel-macos-arm64 | 0.2.2.0 | 97.00 | OK | |||
r-oldrel-macos-x86_64 | 0.2.2.0 | 177.00 | OK | |||
r-oldrel-windows-x86_64 | 0.2.2.0 | 43.00 | 310.00 | 353.00 | OK |
Version: 0.2.2.0
Check: DESCRIPTION meta-information
Result: NOTE
Missing dependency on R >= 4.1.0 because package code uses the pipe
|> or function shorthand \(...) syntax added in R 4.1.0.
File(s) using such syntax:
‘st_transform_outline.R’
Flavors: r-devel-linux-x86_64-debian-clang, r-devel-linux-x86_64-debian-gcc, r-devel-linux-x86_64-fedora-clang, r-devel-linux-x86_64-fedora-gcc, r-devel-windows-x86_64, r-patched-linux-x86_64, r-release-linux-x86_64, r-release-macos-arm64, r-release-macos-x86_64, r-release-windows-x86_64