Last updated on 2025-04-30 04:50:19 CEST.
Flavor | Version | Tinstall | Tcheck | Ttotal | Status | Flags |
---|---|---|---|---|---|---|
r-devel-linux-x86_64-debian-clang | 1.1.2 | 3.62 | 80.88 | 84.50 | NOTE | |
r-devel-linux-x86_64-debian-gcc | 1.1.2 | 2.76 | 62.15 | 64.91 | NOTE | |
r-devel-linux-x86_64-fedora-clang | 1.1.2 | 133.14 | OK | |||
r-devel-linux-x86_64-fedora-gcc | 1.1.2 | 131.12 | OK | |||
r-devel-windows-x86_64 | 1.1.2 | 5.00 | 101.00 | 106.00 | OK | |
r-patched-linux-x86_64 | 1.1.2 | 2.71 | 78.30 | 81.01 | OK | |
r-release-linux-x86_64 | 1.1.2 | 3.43 | 76.37 | 79.80 | OK | |
r-release-macos-arm64 | 1.1.2 | 62.00 | OK | |||
r-release-macos-x86_64 | 1.1.2 | 84.00 | OK | |||
r-release-windows-x86_64 | 1.1.2 | 4.00 | 101.00 | 105.00 | OK | |
r-oldrel-macos-arm64 | 1.1.2 | 49.00 | OK | |||
r-oldrel-macos-x86_64 | 1.1.2 | 83.00 | OK | |||
r-oldrel-windows-x86_64 | 1.1.2 | 6.00 | 128.00 | 134.00 | OK |
Version: 1.1.2
Check: examples
Result: NOTE
Examples with CPU (user + system) or elapsed time > 5s
user system elapsed
st_quickmap_nb 8.561 0.011 10.605
st_augment 6.754 0.497 9.395
st_quickmap_preds 4.677 0.030 6.132
st_force_join_nb 4.313 0.006 5.825
st_force_cut_nb 4.242 0.025 6.203
Flavor: r-devel-linux-x86_64-debian-clang
Version: 1.1.2
Check: examples
Result: NOTE
Examples with CPU (user + system) or elapsed time > 5s
user system elapsed
st_augment 5.156 0.251 5.429
st_quickmap_nb 5.304 0.042 6.602
st_quickmap_preds 3.825 0.047 5.466
Flavor: r-devel-linux-x86_64-debian-gcc