Last updated on 2025-02-21 03:52:26 CET.
Flavor | Version | Tinstall | Tcheck | Ttotal | Status | Flags |
---|---|---|---|---|---|---|
r-devel-linux-x86_64-debian-clang | 0.9 | 1.86 | 24.05 | 25.91 | OK | |
r-devel-linux-x86_64-debian-gcc | 0.9 | 1.46 | 19.34 | 20.80 | OK | |
r-devel-linux-x86_64-fedora-clang | 0.9 | 42.53 | NOTE | |||
r-devel-linux-x86_64-fedora-gcc | 0.9 | 52.59 | NOTE | |||
r-devel-macos-arm64 | 0.9 | 28.00 | OK | |||
r-devel-macos-x86_64 | 0.9 | 60.00 | OK | |||
r-devel-windows-x86_64 | 0.9 | 3.00 | 74.00 | 77.00 | OK | |
r-patched-linux-x86_64 | 0.9 | 1.95 | 23.28 | 25.23 | NOTE | |
r-release-linux-x86_64 | 0.9 | 1.93 | 23.21 | 25.14 | NOTE | |
r-release-macos-arm64 | 0.9 | 32.00 | NOTE | |||
r-release-macos-x86_64 | 0.9 | 45.00 | NOTE | |||
r-release-windows-x86_64 | 0.9 | 4.00 | 62.00 | 66.00 | NOTE | |
r-oldrel-macos-arm64 | 0.9 | 31.00 | NOTE | |||
r-oldrel-macos-x86_64 | 0.9 | 40.00 | NOTE | |||
r-oldrel-windows-x86_64 | 0.9 | 4.00 | 56.00 | 60.00 | NOTE |
Version: 0.9
Check: dependencies in R code
Result: NOTE
Namespace in Imports field not imported from: ‘plyr’
All declared Imports should be used.
Flavors: r-devel-linux-x86_64-fedora-clang, r-devel-linux-x86_64-fedora-gcc
Version: 0.9
Check: LazyData
Result: NOTE
'LazyData' is specified without a 'data' directory
Flavors: r-patched-linux-x86_64, r-release-linux-x86_64, r-release-macos-arm64, r-release-macos-x86_64, r-release-windows-x86_64, r-oldrel-macos-arm64, r-oldrel-macos-x86_64, r-oldrel-windows-x86_64