Last updated on 2025-04-30 04:50:19 CEST.
Flavor | Version | Tinstall | Tcheck | Ttotal | Status | Flags |
---|---|---|---|---|---|---|
r-devel-linux-x86_64-debian-clang | 1.0 | 146.07 | 181.94 | 328.01 | OK | |
r-devel-linux-x86_64-debian-gcc | 1.0 | 108.39 | 130.87 | 239.26 | OK | |
r-devel-linux-x86_64-fedora-clang | 1.0 | 615.88 | OK | |||
r-devel-linux-x86_64-fedora-gcc | 1.0 | 573.54 | OK | |||
r-devel-windows-x86_64 | 1.0 | 166.00 | 212.00 | 378.00 | OK | |
r-patched-linux-x86_64 | 1.0 | 146.69 | 170.97 | 317.66 | OK | |
r-release-linux-x86_64 | 1.0 | 147.32 | 171.23 | 318.55 | OK | |
r-release-macos-arm64 | 1.0 | 130.00 | OK | |||
r-release-macos-x86_64 | 1.0 | 157.00 | OK | |||
r-release-windows-x86_64 | 1.0 | 174.00 | 216.00 | 390.00 | OK | |
r-oldrel-macos-arm64 | 1.0 | 112.00 | NOTE | |||
r-oldrel-macos-x86_64 | 1.0 | 162.00 | NOTE | |||
r-oldrel-windows-x86_64 | 1.0 | 188.00 | 260.00 | 448.00 | OK |
Version: 1.0
Check: installed package size
Result: NOTE
installed size is 11.2Mb
sub-directories of 1Mb or more:
libs 10.5Mb
Flavors: r-oldrel-macos-arm64, r-oldrel-macos-x86_64