Last updated on 2025-04-30 04:50:19 CEST.
Flavor | Version | Tinstall | Tcheck | Ttotal | Status | Flags |
---|---|---|---|---|---|---|
r-devel-linux-x86_64-debian-clang | 1.2.6 | 11.51 | 62.89 | 74.40 | NOTE | |
r-devel-linux-x86_64-debian-gcc | 1.2.6 | 7.88 | 47.19 | 55.07 | NOTE | |
r-devel-linux-x86_64-fedora-clang | 1.2.6 | 122.10 | OK | |||
r-devel-linux-x86_64-fedora-gcc | 1.2.6 | 109.20 | OK | |||
r-devel-windows-x86_64 | 1.2.6 | 15.00 | 84.00 | 99.00 | OK | |
r-patched-linux-x86_64 | 1.2.6 | 11.09 | 61.25 | 72.34 | OK | |
r-release-linux-x86_64 | 1.2.6 | 10.50 | 61.59 | 72.09 | OK | |
r-release-macos-arm64 | 1.2.6 | 40.00 | OK | |||
r-release-macos-x86_64 | 1.2.6 | 73.00 | OK | |||
r-release-windows-x86_64 | 1.2.6 | 17.00 | 84.00 | 101.00 | OK | |
r-oldrel-macos-arm64 | 1.2.6 | 34.00 | OK | |||
r-oldrel-macos-x86_64 | 1.2.6 | 54.00 | OK | |||
r-oldrel-windows-x86_64 | 1.2.6 | 19.00 | 93.00 | 112.00 | OK |
Version: 1.2.6
Check: CRAN incoming feasibility
Result: NOTE
Maintainer: ‘Luigi Augugliaro <luigi.augugliaro@unipa.it>’
No Authors@R field in DESCRIPTION.
Please add one, modifying
Authors@R: person(given = "Luigi",
family = "Augugliaro",
role = c("aut", "cre"),
email = "luigi.augugliaro@unipa.it")
as necessary.
Flavors: r-devel-linux-x86_64-debian-clang, r-devel-linux-x86_64-debian-gcc