CRAN Package Check Results for Package sgraph

Last updated on 2025-04-30 04:50:19 CEST.

Flavor Version Tinstall Tcheck Ttotal Status Flags
r-devel-linux-x86_64-debian-clang 1.1.0 6.04 59.87 65.91 NOTE
r-devel-linux-x86_64-debian-gcc 1.1.0 4.25 42.71 46.96 NOTE
r-devel-linux-x86_64-fedora-clang 1.1.0 103.27 NOTE
r-devel-linux-x86_64-fedora-gcc 1.1.0 103.99 NOTE
r-devel-windows-x86_64 1.1.0 7.00 79.00 86.00 NOTE
r-patched-linux-x86_64 1.1.0 6.20 55.91 62.11 NOTE
r-release-linux-x86_64 1.1.0 5.58 56.19 61.77 NOTE
r-release-macos-arm64 1.1.0 57.00 NOTE
r-release-macos-x86_64 1.1.0 71.00 NOTE
r-release-windows-x86_64 1.1.0 9.00 78.00 87.00 NOTE
r-oldrel-macos-arm64 1.1.0 39.00 OK
r-oldrel-macos-x86_64 1.1.0 104.00 OK
r-oldrel-windows-x86_64 1.1.0 9.00 92.00 101.00 OK

Check Details

Version: 1.1.0
Check: DESCRIPTION meta-information
Result: NOTE Missing dependency on R >= 4.1.0 because package code uses the pipe |> or function shorthand \(...) syntax added in R 4.1.0. File(s) using such syntax: ‘sgraph_utils.R’ Flavors: r-devel-linux-x86_64-debian-clang, r-devel-linux-x86_64-debian-gcc, r-devel-linux-x86_64-fedora-clang, r-devel-linux-x86_64-fedora-gcc, r-devel-windows-x86_64, r-patched-linux-x86_64, r-release-linux-x86_64, r-release-macos-arm64, r-release-macos-x86_64, r-release-windows-x86_64