Last updated on 2025-04-30 04:50:19 CEST.
Flavor | Version | Tinstall | Tcheck | Ttotal | Status | Flags |
---|---|---|---|---|---|---|
r-devel-linux-x86_64-debian-clang | 1.4.5 | 9.56 | 381.47 | 391.03 | NOTE | |
r-devel-linux-x86_64-debian-gcc | 1.4.5 | 4.88 | 257.72 | 262.60 | NOTE | |
r-devel-linux-x86_64-fedora-clang | 1.4.5 | 655.23 | NOTE | |||
r-devel-linux-x86_64-fedora-gcc | 1.4.5 | 622.65 | NOTE | |||
r-devel-windows-x86_64 | 1.4.5 | 11.00 | 309.00 | 320.00 | NOTE | |
r-patched-linux-x86_64 | 1.4.5 | 9.79 | 363.32 | 373.11 | NOTE | |
r-release-linux-x86_64 | 1.4.5 | 7.32 | 354.96 | 362.28 | NOTE | |
r-release-macos-arm64 | 1.4.5 | 207.00 | NOTE | |||
r-release-macos-x86_64 | 1.4.5 | 331.00 | NOTE | |||
r-release-windows-x86_64 | 1.4.5 | 12.00 | 315.00 | 327.00 | NOTE | |
r-oldrel-macos-arm64 | 1.4.5 | 139.00 | OK | |||
r-oldrel-macos-x86_64 | 1.4.5 | 219.00 | OK | |||
r-oldrel-windows-x86_64 | 1.4.5 | 12.00 | 393.00 | 405.00 | OK |
Version: 1.4.5
Check: DESCRIPTION meta-information
Result: NOTE
Missing dependency on R >= 4.1.0 because package code uses the pipe
|> or function shorthand \(...) syntax added in R 4.1.0.
File(s) using such syntax:
‘sample_systematic.R’
Flavors: r-devel-linux-x86_64-debian-clang, r-devel-linux-x86_64-debian-gcc, r-devel-linux-x86_64-fedora-clang, r-devel-linux-x86_64-fedora-gcc, r-devel-windows-x86_64, r-patched-linux-x86_64, r-release-linux-x86_64, r-release-macos-arm64, r-release-macos-x86_64, r-release-windows-x86_64
Version: 1.4.5
Check: examples
Result: NOTE
Examples with CPU (user + system) or elapsed time > 5s
user system elapsed
calculate_pcomp 7.835 0.334 12.900
sample_clhs 4.124 0.138 5.842
sample_sys_strat 3.715 0.095 5.190
Flavor: r-devel-linux-x86_64-debian-clang