CRAN Package Check Results for Package shades

Last updated on 2025-04-30 04:50:19 CEST.

Flavor Version Tinstall Tcheck Ttotal Status Flags
r-devel-linux-x86_64-debian-clang 1.4.0 2.35 26.08 28.43 NOTE
r-devel-linux-x86_64-debian-gcc 1.4.0 1.81 20.51 22.32 NOTE
r-devel-linux-x86_64-fedora-clang 1.4.0 43.99 OK
r-devel-linux-x86_64-fedora-gcc 1.4.0 40.03 OK
r-devel-windows-x86_64 1.4.0 3.00 51.00 54.00 OK
r-patched-linux-x86_64 1.4.0 2.64 23.94 26.58 OK
r-release-linux-x86_64 1.4.0 1.73 23.71 25.44 OK
r-release-macos-arm64 1.4.0 18.00 OK
r-release-macos-x86_64 1.4.0 29.00 OK
r-release-windows-x86_64 1.4.0 4.00 48.00 52.00 OK
r-oldrel-macos-arm64 1.4.0 23.00 OK
r-oldrel-macos-x86_64 1.4.0 24.00 OK
r-oldrel-windows-x86_64 1.4.0 4.00 52.00 56.00 OK

Check Details

Version: 1.4.0
Check: CRAN incoming feasibility
Result: NOTE Maintainer: ‘Jon Clayden <code@clayden.org>’ No Authors@R field in DESCRIPTION. Please add one, modifying Authors@R: person(given = "Jon", family = "Clayden", role = c("aut", "cre"), email = "code@clayden.org") as necessary. Flavors: r-devel-linux-x86_64-debian-clang, r-devel-linux-x86_64-debian-gcc