Last updated on 2025-04-30 04:50:19 CEST.
Flavor | Version | Tinstall | Tcheck | Ttotal | Status | Flags |
---|---|---|---|---|---|---|
r-devel-linux-x86_64-debian-clang | 1.2.7 | 13.06 | 102.76 | 115.82 | NOTE | |
r-devel-linux-x86_64-debian-gcc | 1.2.7 | 9.23 | 70.20 | 79.43 | NOTE | |
r-devel-linux-x86_64-fedora-clang | 1.2.7 | 201.65 | OK | |||
r-devel-linux-x86_64-fedora-gcc | 1.2.7 | 177.23 | OK | |||
r-devel-windows-x86_64 | 1.2.7 | 16.00 | 113.00 | 129.00 | OK | |
r-patched-linux-x86_64 | 1.2.7 | 13.35 | 97.27 | 110.62 | OK | |
r-release-linux-x86_64 | 1.2.7 | 14.16 | 97.07 | 111.23 | OK | |
r-release-macos-arm64 | 1.2.7 | 48.00 | OK | |||
r-release-macos-x86_64 | 1.2.7 | 93.00 | OK | |||
r-release-windows-x86_64 | 1.2.7 | 16.00 | 120.00 | 136.00 | OK | |
r-oldrel-macos-arm64 | 1.2.7 | 46.00 | OK | |||
r-oldrel-macos-x86_64 | 1.2.7 | 73.00 | OK | |||
r-oldrel-windows-x86_64 | 1.2.7 | 19.00 | 142.00 | 161.00 | OK |
Version: 1.2.7
Check: CRAN incoming feasibility
Result: NOTE
Maintainer: ‘Ian Dryden <ian.dryden@nottingham.ac.uk>’
No Authors@R field in DESCRIPTION.
Please add one, modifying
Authors@R: c(person(given = c("Ian", "L."),
family = "Dryden",
role = "aut"),
person(given = "Ian",
family = "Dryden",
role = "cre",
email = "ian.dryden@nottingham.ac.uk"))
as necessary.
Flavors: r-devel-linux-x86_64-debian-clang, r-devel-linux-x86_64-debian-gcc
Version: 1.2.7
Check: examples
Result: NOTE
Examples with CPU (user + system) or elapsed time > 5s
user system elapsed
resampletest 4.242 0.024 5.646
Flavor: r-devel-linux-x86_64-debian-clang