Last updated on 2025-04-30 04:50:19 CEST.
Flavor | Version | Tinstall | Tcheck | Ttotal | Status | Flags |
---|---|---|---|---|---|---|
r-devel-linux-x86_64-debian-clang | 2.3.1 | 6.84 | 227.82 | 234.66 | NOTE | |
r-devel-linux-x86_64-debian-gcc | 2.3.1 | 5.36 | 145.04 | 150.40 | OK | |
r-devel-linux-x86_64-fedora-clang | 2.3.1 | 396.27 | OK | |||
r-devel-linux-x86_64-fedora-gcc | 2.3.1 | 366.88 | OK | |||
r-devel-windows-x86_64 | 2.3.1 | 10.00 | 222.00 | 232.00 | OK | |
r-patched-linux-x86_64 | 2.3.1 | 8.39 | 212.69 | 221.08 | OK | |
r-release-linux-x86_64 | 2.3.1 | 7.54 | 212.16 | 219.70 | OK | |
r-release-macos-arm64 | 2.3.1 | 108.00 | OK | |||
r-release-macos-x86_64 | 2.3.1 | 209.00 | OK | |||
r-release-windows-x86_64 | 2.3.1 | 11.00 | 216.00 | 227.00 | OK | |
r-oldrel-macos-arm64 | 2.3.1 | 149.00 | OK | |||
r-oldrel-macos-x86_64 | 2.3.1 | 293.00 | OK | |||
r-oldrel-windows-x86_64 | 2.3.1 | 11.00 | 380.00 | 391.00 | OK |
Version: 2.3.1
Check: examples
Result: NOTE
Examples with CPU (user + system) or elapsed time > 5s
user system elapsed
classify_habitats 6.916 0.013 9.051
Flavor: r-devel-linux-x86_64-debian-clang