Last updated on 2025-04-30 04:50:19 CEST.
Flavor | Version | Tinstall | Tcheck | Ttotal | Status | Flags |
---|---|---|---|---|---|---|
r-devel-linux-x86_64-debian-clang | 1.4.3 | 11.10 | 27.04 | 38.14 | NOTE | |
r-devel-linux-x86_64-debian-gcc | 1.4.3 | 7.70 | 22.05 | 29.75 | NOTE | |
r-devel-linux-x86_64-fedora-clang | 1.4.3 | 66.53 | OK | |||
r-devel-linux-x86_64-fedora-gcc | 1.4.3 | 60.07 | OK | |||
r-devel-windows-x86_64 | 1.4.3 | 15.00 | 68.00 | 83.00 | OK | |
r-patched-linux-x86_64 | 1.4.3 | 11.40 | 26.33 | 37.73 | OK | |
r-release-linux-x86_64 | 1.4.3 | 11.12 | 26.10 | 37.22 | OK | |
r-release-macos-arm64 | 1.4.3 | 25.00 | OK | |||
r-release-macos-x86_64 | 1.4.3 | 39.00 | OK | |||
r-release-windows-x86_64 | 1.4.3 | 14.00 | 67.00 | 81.00 | OK | |
r-oldrel-macos-arm64 | 1.4.3 | 23.00 | OK | |||
r-oldrel-macos-x86_64 | 1.4.3 | 34.00 | OK | |||
r-oldrel-windows-x86_64 | 1.4.3 | 13.00 | 69.00 | 82.00 | OK |
Version: 1.4.3
Check: CRAN incoming feasibility
Result: NOTE
Maintainer: ‘Damien Challet <damien.challet@gmail.com>’
No Authors@R field in DESCRIPTION.
Please add one, modifying
Authors@R: person(given = "Damien",
family = "Challet",
role = c("aut", "cre"),
email = "damien.challet@gmail.com")
as necessary.
The Description field contains
signal-to-noise ratio, for heavy-tailed data (see <arXiv:1505.01333>).
Please refer to arXiv e-prints via their arXiv DOI <doi:10.48550/arXiv.YYMM.NNNNN>.
Flavors: r-devel-linux-x86_64-debian-clang, r-devel-linux-x86_64-debian-gcc