Last updated on 2025-04-30 04:50:19 CEST.
Flavor | Version | Tinstall | Tcheck | Ttotal | Status | Flags |
---|---|---|---|---|---|---|
r-devel-linux-x86_64-debian-clang | 1.1.1.0 | 7.01 | 58.90 | 65.91 | NOTE | |
r-devel-linux-x86_64-debian-gcc | 1.1.1.0 | 5.23 | 44.78 | 50.01 | NOTE | |
r-devel-linux-x86_64-fedora-clang | 1.1.1.0 | 106.61 | OK | |||
r-devel-linux-x86_64-fedora-gcc | 1.1.1.0 | 98.90 | OK | |||
r-devel-windows-x86_64 | 1.1.1.0 | 7.00 | 74.00 | 81.00 | OK | |
r-patched-linux-x86_64 | 1.1.1.0 | 6.45 | 56.80 | 63.25 | OK | |
r-release-linux-x86_64 | 1.1.1.0 | 6.94 | 56.39 | 63.33 | OK | |
r-release-macos-arm64 | 1.1.1.0 | 33.00 | OK | |||
r-release-macos-x86_64 | 1.1.1.0 | 60.00 | OK | |||
r-release-windows-x86_64 | 1.1.1.0 | 7.00 | 75.00 | 82.00 | OK | |
r-oldrel-macos-arm64 | 1.1.1.0 | 32.00 | OK | |||
r-oldrel-macos-x86_64 | 1.1.1.0 | 49.00 | OK | |||
r-oldrel-windows-x86_64 | 1.1.1.0 | 9.00 | 88.00 | 97.00 | OK |
Version: 1.1.1.0
Check: CRAN incoming feasibility
Result: NOTE
Maintainer: ‘Liang He <lianghe@mit.edu>’
No Authors@R field in DESCRIPTION.
Please add one, modifying
Authors@R: person(given = "Liang",
family = "He",
role = c("aut", "cre"),
email = "lianghe@mit.edu")
as necessary.
Flavors: r-devel-linux-x86_64-debian-clang, r-devel-linux-x86_64-debian-gcc