Last updated on 2025-04-30 04:50:19 CEST.
Flavor | Version | Tinstall | Tcheck | Ttotal | Status | Flags |
---|---|---|---|---|---|---|
r-devel-linux-x86_64-debian-clang | 1.0-6 | 24.21 | 134.52 | 158.73 | NOTE | |
r-devel-linux-x86_64-debian-gcc | 1.0-6 | 20.57 | 98.56 | 119.13 | NOTE | |
r-devel-linux-x86_64-fedora-clang | 1.0-6 | 248.00 | OK | |||
r-devel-linux-x86_64-fedora-gcc | 1.0-6 | 237.02 | OK | |||
r-devel-windows-x86_64 | 1.0-6 | 19.00 | 124.00 | 143.00 | OK | |
r-patched-linux-x86_64 | 1.0-6 | 24.68 | 129.32 | 154.00 | OK | |
r-release-linux-x86_64 | 1.0-6 | 25.58 | 130.10 | 155.68 | OK | |
r-release-macos-arm64 | 1.0-6 | 61.00 | OK | |||
r-release-macos-x86_64 | 1.0-6 | 114.00 | OK | |||
r-release-windows-x86_64 | 1.0-6 | 19.00 | 123.00 | 142.00 | OK | |
r-oldrel-macos-arm64 | 1.0-6 | 59.00 | OK | |||
r-oldrel-macos-x86_64 | 1.0-6 | 86.00 | OK | |||
r-oldrel-windows-x86_64 | 1.0-6 | 26.00 | 145.00 | 171.00 | OK |
Version: 1.0-6
Check: CRAN incoming feasibility
Result: NOTE
Maintainer: ‘Peter Solymos <psolymos@gmail.com>’
No Authors@R field in DESCRIPTION.
Please add one, modifying
Authors@R: person(given = "Peter",
family = "Solymos",
role = c("aut", "cre"),
email = "psolymos@gmail.com")
as necessary.
Flavors: r-devel-linux-x86_64-debian-clang, r-devel-linux-x86_64-debian-gcc