Last updated on 2025-04-30 04:50:19 CEST.
Flavor | Version | Tinstall | Tcheck | Ttotal | Status | Flags |
---|---|---|---|---|---|---|
r-devel-linux-x86_64-debian-clang | 1.0.7 | 2.41 | 25.44 | 27.85 | NOTE | |
r-devel-linux-x86_64-debian-gcc | 1.0.7 | 1.89 | 19.87 | 21.76 | NOTE | |
r-devel-linux-x86_64-fedora-clang | 1.0.7 | 46.34 | OK | |||
r-devel-linux-x86_64-fedora-gcc | 1.0.7 | 41.30 | OK | |||
r-devel-windows-x86_64 | 1.0.7 | 5.00 | 52.00 | 57.00 | OK | |
r-patched-linux-x86_64 | 1.0.7 | 3.11 | 24.95 | 28.06 | OK | |
r-release-linux-x86_64 | 1.0.7 | 2.64 | 24.70 | 27.34 | OK | |
r-release-macos-arm64 | 1.0.7 | 21.00 | OK | |||
r-release-macos-x86_64 | 1.0.7 | 31.00 | OK | |||
r-release-windows-x86_64 | 1.0.7 | 6.00 | 55.00 | 61.00 | OK | |
r-oldrel-macos-arm64 | 1.0.7 | 18.00 | OK | |||
r-oldrel-macos-x86_64 | 1.0.7 | 28.00 | OK | |||
r-oldrel-windows-x86_64 | 1.0.7 | 6.00 | 54.00 | 60.00 | OK |
Version: 1.0.7
Check: CRAN incoming feasibility
Result: NOTE
Maintainer: ‘Rodrigo F. de Mello <mellorf@gmail.com>’
The Description field contains
Coefficient of Supervised Learning Algorithms" <arXiv:1911.05461>; de
Please refer to arXiv e-prints via their arXiv DOI <doi:10.48550/arXiv.YYMM.NNNNN>.
Flavors: r-devel-linux-x86_64-debian-clang, r-devel-linux-x86_64-debian-gcc