Last updated on 2025-02-21 03:52:26 CET.
Flavor | Version | Tinstall | Tcheck | Ttotal | Status | Flags |
---|---|---|---|---|---|---|
r-devel-linux-x86_64-debian-clang | 0.0.8 | 17.84 | 128.09 | 145.93 | NOTE | |
r-devel-linux-x86_64-debian-gcc | 0.0.8 | 10.30 | 90.84 | 101.14 | NOTE | |
r-devel-linux-x86_64-fedora-clang | 0.0.8 | 246.40 | NOTE | |||
r-devel-linux-x86_64-fedora-gcc | 0.0.8 | 228.03 | NOTE | |||
r-devel-macos-arm64 | 0.0.8 | 70.00 | OK | |||
r-devel-macos-x86_64 | 0.0.8 | 147.00 | NOTE | |||
r-devel-windows-x86_64 | 0.0.8 | 19.00 | 123.00 | 142.00 | NOTE | |
r-patched-linux-x86_64 | 0.0.8 | 16.02 | 121.42 | 137.44 | OK | |
r-release-linux-x86_64 | 0.0.8 | 16.64 | 120.23 | 136.87 | OK | |
r-release-macos-arm64 | 0.0.8 | 66.00 | OK | |||
r-release-macos-x86_64 | 0.0.8 | 103.00 | OK | |||
r-release-windows-x86_64 | 0.0.8 | 20.00 | 123.00 | 143.00 | OK | |
r-oldrel-macos-arm64 | 0.0.8 | 86.00 | OK | |||
r-oldrel-macos-x86_64 | 0.0.8 | 140.00 | OK | |||
r-oldrel-windows-x86_64 | 0.0.8 | 23.00 | 149.00 | 172.00 | OK |
Version: 0.0.8
Check: DESCRIPTION meta-information
Result: NOTE
Missing dependency on R >= 4.1.0 because package code uses the pipe
|> or function shorthand \(...) syntax added in R 4.1.0.
File(s) using such syntax:
‘app_server.R’ ‘function.R’
Flavors: r-devel-linux-x86_64-debian-clang, r-devel-linux-x86_64-debian-gcc, r-devel-linux-x86_64-fedora-clang, r-devel-linux-x86_64-fedora-gcc, r-devel-macos-x86_64, r-devel-windows-x86_64