CRAN Package Check Results for Package shinyanimate

Last updated on 2025-04-30 04:50:19 CEST.

Flavor Version Tinstall Tcheck Ttotal Status Flags
r-devel-linux-x86_64-debian-clang 0.4.0 2.44 31.21 33.65 NOTE
r-devel-linux-x86_64-debian-gcc 0.4.0 2.19 23.93 26.12 NOTE
r-devel-linux-x86_64-fedora-clang 0.4.0 53.88 OK
r-devel-linux-x86_64-fedora-gcc 0.4.0 48.31 OK
r-devel-windows-x86_64 0.4.0 4.00 59.00 63.00 OK
r-patched-linux-x86_64 0.4.0 2.43 29.09 31.52 OK
r-release-linux-x86_64 0.4.0 2.13 29.06 31.19 OK
r-release-macos-arm64 0.4.0 30.00 OK
r-release-macos-x86_64 0.4.0 34.00 OK
r-release-windows-x86_64 0.4.0 4.00 56.00 60.00 OK
r-oldrel-macos-arm64 0.4.0 19.00 OK
r-oldrel-macos-x86_64 0.4.0 29.00 OK
r-oldrel-windows-x86_64 0.4.0 5.00 57.00 62.00 OK

Check Details

Version: 0.4.0
Check: CRAN incoming feasibility
Result: NOTE Maintainer: ‘Swechhya Bista <swechhyabista@gmail.com>’ No Authors@R field in DESCRIPTION. Please add one, modifying Authors@R: person(given = "Swechhya", family = "Bista", role = c("aut", "cre"), email = "swechhyabista@gmail.com") as necessary. Flavors: r-devel-linux-x86_64-debian-clang, r-devel-linux-x86_64-debian-gcc