Last updated on 2025-04-30 04:50:19 CEST.
Flavor | Version | Tinstall | Tcheck | Ttotal | Status | Flags |
---|---|---|---|---|---|---|
r-devel-linux-x86_64-debian-clang | 1.17.1 | 9.09 | 93.06 | 102.15 | NOTE | |
r-devel-linux-x86_64-debian-gcc | 1.17.1 | 5.25 | 59.22 | 64.47 | NOTE | |
r-devel-linux-x86_64-fedora-clang | 1.17.1 | 159.54 | NOTE | |||
r-devel-linux-x86_64-fedora-gcc | 1.17.1 | 149.65 | NOTE | |||
r-devel-windows-x86_64 | 1.17.1 | 9.00 | 143.00 | 152.00 | NOTE | |
r-patched-linux-x86_64 | 1.17.1 | 9.74 | 87.23 | 96.97 | NOTE | |
r-release-linux-x86_64 | 1.17.1 | 7.02 | 88.96 | 95.98 | NOTE | |
r-release-macos-arm64 | 1.17.1 | 46.00 | NOTE | |||
r-release-macos-x86_64 | 1.17.1 | 87.00 | NOTE | |||
r-release-windows-x86_64 | 1.17.1 | 8.00 | 138.00 | 146.00 | NOTE | |
r-oldrel-macos-arm64 | 1.17.1 | 45.00 | NOTE | |||
r-oldrel-macos-x86_64 | 1.17.1 | 88.00 | NOTE | |||
r-oldrel-windows-x86_64 | 1.17.1 | 10.00 | 165.00 | 175.00 | NOTE |
Version: 1.17.1
Check: CRAN incoming feasibility
Result: NOTE
Maintainer: ‘ORPHANED’
No Authors@R field in DESCRIPTION.
Please add one, modifying
Authors@R: c(person(given = "Alexey",
family = "Shipunov",
role = c("aut", "cre")),
person(given = "Paul",
family = "Murrell",
role = "ctb"),
person(given = "Marcello",
family = "D'Orazio",
role = "ctb"),
person(given = "Stephen",
family = "Turner",
role = "ctb"),
person(given = "Eugeny",
family = "Altshuler",
role = "ctb"),
person(given = "Roland",
family = "Rau",
role = "ctb"),
person(given = c("Marcus", "W"),
family = "Beck",
role = "ctb"),
person(given = "Sebastian",
family = "Gibb",
role = "ctb"),
person(given = "Weiliang",
family = "Qiu",
role = "ctb"),
person(given = "Emmanuel",
family = "Paradis",
role = "ctb"),
person(given = "Roger",
family = "Koenker",
role = "ctb"),
person(given = c("R", "Core"),
family = "Team",
role = "ctb"),
person(family = "ORPHANED",
role = "cre"))
as necessary.
Flavors: r-devel-linux-x86_64-debian-clang, r-devel-linux-x86_64-debian-gcc
Version: 1.17.1
Check: Rd files
Result: NOTE
checkRd: (-1) MrBayes.Rd:24: Lost braces
24 | \item{contype}{A character string; the type of consensus tree calculated from the posterior distribution of trees}{either "halfcompat" (majority-rule consensus tree) or "allcombat" (strict consensus tree)}
| ^
Flavors: r-devel-linux-x86_64-debian-clang, r-devel-linux-x86_64-debian-gcc, r-devel-linux-x86_64-fedora-clang, r-devel-linux-x86_64-fedora-gcc, r-devel-windows-x86_64, r-patched-linux-x86_64, r-release-linux-x86_64, r-release-macos-arm64, r-release-macos-x86_64, r-release-windows-x86_64, r-oldrel-macos-arm64, r-oldrel-macos-x86_64, r-oldrel-windows-x86_64
Version: 1.17.1
Check: examples
Result: NOTE
Examples with CPU (user + system) or elapsed time > 5s
user system elapsed
NC.dist 5.765 0.261 7.533
BootKNN 4.769 0.004 5.736
PlotBest.mdist 4.661 0.044 5.523
Flavor: r-devel-linux-x86_64-debian-clang