Last updated on 2025-04-30 04:50:19 CEST.
Flavor | Version | Tinstall | Tcheck | Ttotal | Status | Flags |
---|---|---|---|---|---|---|
r-devel-linux-x86_64-debian-clang | 0.8.2 | 16.77 | 164.78 | 181.55 | NOTE | |
r-devel-linux-x86_64-debian-gcc | 0.8.2 | 10.93 | 116.07 | 127.00 | NOTE | |
r-devel-linux-x86_64-fedora-clang | 0.8.2 | 285.20 | OK | |||
r-devel-linux-x86_64-fedora-gcc | 0.8.2 | 282.62 | OK | |||
r-devel-windows-x86_64 | 0.8.2 | 20.00 | 202.00 | 222.00 | OK | |
r-patched-linux-x86_64 | 0.8.2 | 18.41 | 156.88 | 175.29 | OK | |
r-release-linux-x86_64 | 0.8.2 | 15.46 | 156.67 | 172.13 | OK | |
r-release-macos-arm64 | 0.8.2 | 101.00 | OK | |||
r-release-macos-x86_64 | 0.8.2 | 213.00 | OK | |||
r-release-windows-x86_64 | 0.8.2 | 19.00 | 197.00 | 216.00 | OK | |
r-oldrel-macos-arm64 | 0.8.2 | 89.00 | OK | |||
r-oldrel-macos-x86_64 | 0.8.2 | 204.00 | OK | |||
r-oldrel-windows-x86_64 | 0.8.2 | 22.00 | 239.00 | 261.00 | OK |
Version: 0.8.2
Check: CRAN incoming feasibility
Result: NOTE
Maintainer: ‘Daniel Wollschlaeger <dwoll@kuci.org>’
No Authors@R field in DESCRIPTION.
Please add one, modifying
Authors@R: person(given = "Daniel",
family = "Wollschlaeger",
role = c("aut", "cre"),
email = "dwoll@kuci.org")
as necessary.
Flavors: r-devel-linux-x86_64-debian-clang, r-devel-linux-x86_64-debian-gcc