CRAN Package Check Results for Package showimage

Last updated on 2025-04-30 04:50:19 CEST.

Flavor Version Tinstall Tcheck Ttotal Status Flags
r-devel-linux-x86_64-debian-clang 1.0.0 1.57 18.25 19.82 NOTE
r-devel-linux-x86_64-debian-gcc 1.0.0 1.24 15.03 16.27 NOTE
r-devel-linux-x86_64-fedora-clang 1.0.0 31.70 OK
r-devel-linux-x86_64-fedora-gcc 1.0.0 29.79 OK
r-devel-windows-x86_64 1.0.0 3.00 42.00 45.00 OK
r-patched-linux-x86_64 1.0.0 1.53 17.94 19.47 OK
r-release-linux-x86_64 1.0.0 1.63 17.70 19.33 OK
r-release-macos-arm64 1.0.0 15.00 OK
r-release-macos-x86_64 1.0.0 23.00 OK
r-release-windows-x86_64 1.0.0 3.00 43.00 46.00 OK
r-oldrel-macos-arm64 1.0.0 15.00 NOTE
r-oldrel-macos-x86_64 1.0.0 19.00 NOTE
r-oldrel-windows-x86_64 1.0.0 3.00 40.00 43.00 NOTE

Check Details

Version: 1.0.0
Check: CRAN incoming feasibility
Result: NOTE Maintainer: ‘Gábor Csárdi <csardi.gabor@gmail.com>’ No Authors@R field in DESCRIPTION. Please add one, modifying Authors@R: person(given = "Gábor", family = "Csárdi", role = c("aut", "cre"), email = "csardi.gabor@gmail.com") as necessary. Flavors: r-devel-linux-x86_64-debian-clang, r-devel-linux-x86_64-debian-gcc

Version: 1.0.0
Check: LazyData
Result: NOTE 'LazyData' is specified without a 'data' directory Flavors: r-oldrel-macos-arm64, r-oldrel-macos-x86_64, r-oldrel-windows-x86_64