Last updated on 2025-04-30 04:50:19 CEST.
Flavor | Version | Tinstall | Tcheck | Ttotal | Status | Flags |
---|---|---|---|---|---|---|
r-devel-linux-x86_64-debian-clang | 0.9-7 | 5.99 | 32.95 | 38.94 | NOTE | |
r-devel-linux-x86_64-debian-gcc | 0.9-7 | 4.91 | 25.52 | 30.43 | NOTE | |
r-devel-linux-x86_64-fedora-clang | 0.9-7 | 61.63 | OK | |||
r-devel-linux-x86_64-fedora-gcc | 0.9-7 | 72.38 | OK | |||
r-devel-windows-x86_64 | 0.9-7 | 22.00 | 61.00 | 83.00 | OK | |
r-patched-linux-x86_64 | 0.9-7 | 5.30 | 30.70 | 36.00 | OK | |
r-release-linux-x86_64 | 0.9-7 | 5.45 | 30.98 | 36.43 | OK | |
r-release-macos-arm64 | 0.9-7 | 47.00 | OK | |||
r-release-macos-x86_64 | 0.9-7 | 73.00 | OK | |||
r-release-windows-x86_64 | 0.9-7 | 23.00 | 60.00 | 83.00 | OK | |
r-oldrel-macos-arm64 | 0.9-7 | 39.00 | OK | |||
r-oldrel-macos-x86_64 | 0.9-7 | 55.00 | OK | |||
r-oldrel-windows-x86_64 | 0.9-7 | 24.00 | 62.00 | 86.00 | OK |
Version: 0.9-7
Check: CRAN incoming feasibility
Result: NOTE
Maintainer: ‘Yixuan Qiu <yixuan.qiu@cos.name>’
No Authors@R field in DESCRIPTION.
Please add one, modifying
Authors@R: c(person(given = "Yixuan",
family = "Qiu",
role = c("aut", "cre"),
email = "yixuan.qiu@cos.name"),
person(given = c("authors/contributors", "of", "the", "included", "software.", "See", "file", "AUTHORS", "for"),
family = "details.",
role = "aut"))
as necessary.
Flavors: r-devel-linux-x86_64-debian-clang, r-devel-linux-x86_64-debian-gcc