Last updated on 2025-04-30 04:50:19 CEST.
Flavor | Version | Tinstall | Tcheck | Ttotal | Status | Flags |
---|---|---|---|---|---|---|
r-devel-linux-x86_64-debian-clang | 1-0 | 5.14 | 66.14 | 71.28 | NOTE | |
r-devel-linux-x86_64-debian-gcc | 1-0 | 3.98 | 46.26 | 50.24 | NOTE | |
r-devel-linux-x86_64-fedora-clang | 1-0 | 114.17 | OK | |||
r-devel-linux-x86_64-fedora-gcc | 1-0 | 107.45 | OK | |||
r-devel-windows-x86_64 | 1-0 | 10.00 | 84.00 | 94.00 | OK | |
r-patched-linux-x86_64 | 1-0 | 6.53 | 62.70 | 69.23 | OK | |
r-release-linux-x86_64 | 1-0 | 5.77 | 62.73 | 68.50 | OK | |
r-release-macos-arm64 | 1-0 | 36.00 | OK | |||
r-release-macos-x86_64 | 1-0 | 68.00 | OK | |||
r-release-windows-x86_64 | 1-0 | 10.00 | 84.00 | 94.00 | OK | |
r-oldrel-macos-arm64 | 1-0 | 31.00 | OK | |||
r-oldrel-macos-x86_64 | 1-0 | 50.00 | OK | |||
r-oldrel-windows-x86_64 | 1-0 | 11.00 | 95.00 | 106.00 | OK |
Version: 1-0
Check: CRAN incoming feasibility
Result: NOTE
Maintainer: ‘Binbin Lu <binbinlu@whu.edu.cn>’
No Authors@R field in DESCRIPTION.
Please add one, modifying
Authors@R: person(given = "Binbin",
family = "Lu",
role = c("aut", "cre"),
email = "binbinlu@whu.edu.cn")
as necessary.
Flavors: r-devel-linux-x86_64-debian-clang, r-devel-linux-x86_64-debian-gcc