CRAN Package Check Results for Package shrinkDSM

Last updated on 2025-04-30 04:50:19 CEST.

Flavor Version Tinstall Tcheck Ttotal Status Flags
r-devel-linux-x86_64-debian-clang 1.0.0 66.41 67.48 133.89 OK
r-devel-linux-x86_64-debian-gcc 1.0.0 46.44 49.08 95.52 OK
r-devel-linux-x86_64-fedora-clang 1.0.0 227.88 OK
r-devel-linux-x86_64-fedora-gcc 1.0.0 227.80 OK
r-devel-windows-x86_64 1.0.0 72.00 101.00 173.00 OK
r-patched-linux-x86_64 1.0.0 66.48 64.11 130.59 OK
r-release-linux-x86_64 1.0.0 68.52 63.33 131.85 OK
r-release-macos-arm64 1.0.0 59.00 OK
r-release-macos-x86_64 1.0.0 98.00 OK
r-release-windows-x86_64 1.0.0 73.00 103.00 176.00 OK
r-oldrel-macos-arm64 1.0.0 60.00 NOTE
r-oldrel-macos-x86_64 1.0.0 111.00 NOTE
r-oldrel-windows-x86_64 1.0.0 81.00 122.00 203.00 OK

Check Details

Version: 1.0.0
Check: installed package size
Result: NOTE installed size is 5.2Mb sub-directories of 1Mb or more: libs 5.0Mb Flavors: r-oldrel-macos-arm64, r-oldrel-macos-x86_64