Last updated on 2025-04-30 04:50:19 CEST.
Flavor | Version | Tinstall | Tcheck | Ttotal | Status | Flags |
---|---|---|---|---|---|---|
r-devel-linux-x86_64-debian-clang | 3.0.1 | 206.07 | 66.28 | 272.35 | NOTE | |
r-devel-linux-x86_64-debian-gcc | 3.0.1 | 140.34 | 48.12 | 188.46 | NOTE | |
r-devel-linux-x86_64-fedora-clang | 3.0.1 | 512.14 | OK | |||
r-devel-linux-x86_64-fedora-gcc | 3.0.1 | 493.98 | OK | |||
r-devel-windows-x86_64 | 3.0.1 | 223.00 | 131.00 | 354.00 | NOTE | |
r-patched-linux-x86_64 | 3.0.1 | 195.13 | 63.72 | 258.85 | NOTE | |
r-release-linux-x86_64 | 3.0.1 | 194.65 | 63.09 | 257.74 | NOTE | |
r-release-macos-arm64 | 3.0.1 | 121.00 | OK | |||
r-release-macos-x86_64 | 3.0.1 | 142.00 | OK | |||
r-release-windows-x86_64 | 3.0.1 | 226.00 | 131.00 | 357.00 | NOTE | |
r-oldrel-macos-arm64 | 3.0.1 | 109.00 | NOTE | |||
r-oldrel-macos-x86_64 | 3.0.1 | 113.00 | NOTE | |||
r-oldrel-windows-x86_64 | 3.0.1 | 248.00 | 148.00 | 396.00 | OK |
Version: 3.0.1
Check: Rd cross-references
Result: NOTE
Found the following Rd file(s) with Rd \link{} targets missing package
anchors:
shrinkDTVP.Rd: stochvol, svsample
shrinkTVP.Rd: stochvol, svsample
simTVP.Rd: svsim
updateTVP.Rd: stochvol, svsample
Please provide package anchors for all Rd \link{} targets not in the
package itself and the base packages.
Flavors: r-devel-linux-x86_64-debian-clang, r-devel-linux-x86_64-debian-gcc, r-devel-windows-x86_64, r-patched-linux-x86_64, r-release-linux-x86_64, r-release-windows-x86_64
Version: 3.0.1
Check: installed package size
Result: NOTE
installed size is 12.1Mb
sub-directories of 1Mb or more:
libs 11.1Mb
Flavors: r-oldrel-macos-arm64, r-oldrel-macos-x86_64