Last updated on 2025-04-30 04:50:19 CEST.
Flavor | Version | Tinstall | Tcheck | Ttotal | Status | Flags |
---|---|---|---|---|---|---|
r-devel-linux-x86_64-debian-clang | 1.1 | 39.32 | 127.45 | 166.77 | NOTE | |
r-devel-linux-x86_64-debian-gcc | 1.1 | 27.55 | 89.49 | 117.04 | OK | |
r-devel-linux-x86_64-fedora-clang | 1.1 | 265.21 | OK | |||
r-devel-linux-x86_64-fedora-gcc | 1.1 | 247.18 | OK | |||
r-devel-windows-x86_64 | 1.1 | 42.00 | 153.00 | 195.00 | OK | |
r-patched-linux-x86_64 | 1.1 | 35.59 | 120.03 | 155.62 | OK | |
r-release-linux-x86_64 | 1.1 | 36.77 | 119.96 | 156.73 | OK | |
r-release-macos-arm64 | 1.1 | 68.00 | OK | |||
r-release-macos-x86_64 | 1.1 | 121.00 | OK | |||
r-release-windows-x86_64 | 1.1 | 42.00 | 150.00 | 192.00 | OK | |
r-oldrel-macos-arm64 | 1.1 | 46.00 | OK | |||
r-oldrel-macos-x86_64 | 1.1 | 95.00 | OK | |||
r-oldrel-windows-x86_64 | 1.1 | 49.00 | 193.00 | 242.00 | OK |
Version: 1.1
Check: examples
Result: NOTE
Examples with CPU (user + system) or elapsed time > 5s
user system elapsed
testDensRatioGOF 3.692 0.086 5.487
testIndepTimeMark 3.593 0.046 5.090
Flavor: r-devel-linux-x86_64-debian-clang