Last updated on 2025-04-30 04:50:19 CEST.
Flavor | Version | Tinstall | Tcheck | Ttotal | Status | Flags |
---|---|---|---|---|---|---|
r-devel-linux-x86_64-debian-clang | 3.0.2 | 37.50 | 386.95 | 424.45 | NOTE | |
r-devel-linux-x86_64-debian-gcc | 3.0.2 | 23.48 | 253.69 | 277.17 | NOTE | |
r-devel-linux-x86_64-fedora-clang | 3.0.2 | 682.95 | NOTE | |||
r-devel-linux-x86_64-fedora-gcc | 3.0.2 | 659.89 | NOTE | |||
r-devel-windows-x86_64 | 3.0.2 | 37.00 | 339.00 | 376.00 | NOTE | |
r-patched-linux-x86_64 | 3.0.2 | 32.91 | 359.98 | 392.89 | NOTE | |
r-release-linux-x86_64 | 3.0.2 | 34.37 | 363.24 | 397.61 | NOTE | |
r-release-macos-arm64 | 3.0.2 | 167.00 | NOTE | |||
r-release-macos-x86_64 | 3.0.2 | 325.00 | NOTE | |||
r-release-windows-x86_64 | 3.0.2 | 36.00 | 349.00 | 385.00 | NOTE | |
r-oldrel-macos-arm64 | 3.0.2 | 161.00 | NOTE | |||
r-oldrel-macos-x86_64 | 3.0.2 | 264.00 | NOTE | |||
r-oldrel-windows-x86_64 | 3.0.2 | 47.00 | 453.00 | 500.00 | NOTE |
Version: 3.0.2
Check: CRAN incoming feasibility
Result: NOTE
Maintainer: ‘Martin Olivier <olivier.martin@inrae.fr>’
No Authors@R field in DESCRIPTION.
Please add one, modifying
Authors@R: c(person(given = "Carpentier",
family = "F.",
role = "aut"),
person(given = "Martin",
family = "O.",
role = "aut"),
person(given = "Martin",
family = "Olivier",
role = "cre",
email = "olivier.martin@inrae.fr"))
as necessary.
Flavors: r-devel-linux-x86_64-debian-clang, r-devel-linux-x86_64-debian-gcc
Version: 3.0.2
Check: Rd files
Result: NOTE
checkRd: (-1) siland.Rd:64: Lost braces; missing escapes or markup?
64 | \item x_{l,i}, local variable l,
| ^
checkRd: (-1) siland.Rd:70: Lost braces; missing escapes or markup?
70 | \item d_{r,i} the distance between the center of pixel r and the observation at site i.
| ^
Flavors: r-devel-linux-x86_64-debian-clang, r-devel-linux-x86_64-debian-gcc, r-devel-linux-x86_64-fedora-clang, r-devel-linux-x86_64-fedora-gcc, r-devel-windows-x86_64, r-patched-linux-x86_64, r-release-linux-x86_64, r-release-macos-arm64, r-release-macos-x86_64, r-release-windows-x86_64, r-oldrel-macos-arm64, r-oldrel-macos-x86_64, r-oldrel-windows-x86_64